CRAN Package Check Results for Package libcoin

Last updated on 2020-04-07 03:48:14 CEST.

Flavor Version Tinstall Tcheck Ttotal Status Flags
r-devel-linux-x86_64-debian-clang 1.0-5 8.07 64.43 72.50 OK
r-devel-linux-x86_64-debian-gcc 1.0-5 5.26 50.38 55.64 OK
r-devel-linux-x86_64-fedora-clang 1.0-5 90.20 OK
r-devel-linux-x86_64-fedora-gcc 1.0-5 95.66 OK
r-devel-windows-ix86+x86_64 1.0-5 23.00 103.00 126.00 OK
r-devel-windows-ix86+x86_64-gcc8 1.0-5 19.00 106.00 125.00 OK
r-patched-linux-x86_64 1.0-5 6.51 64.00 70.51 OK
r-patched-solaris-x86 1.0-5 130.50 OK
r-release-linux-x86_64 1.0-5 4.94 60.55 65.49 OK
r-release-windows-ix86+x86_64 1.0-5 15.00 146.00 161.00 OK
r-release-osx-x86_64 1.0-5 OK
r-oldrel-windows-ix86+x86_64 1.0-5 20.00 105.00 125.00 WARN
r-oldrel-osx-x86_64 1.0-5 WARN

Check Details

Version: 1.0-5
Check: package subdirectories
Result: WARN
    Problems with news in 'inst/NEWS.Rd':
     inst/NEWS.Rd:10: unknown macro '\proglang'
     inst/NEWS.Rd:47: unknown macro '\proglang'
     inst/NEWS.Rd:69: unknown macro '\proglang'
Flavors: r-oldrel-windows-ix86+x86_64, r-oldrel-osx-x86_64