CRAN Package Check Results for Package lilikoi

Last updated on 2019-09-19 15:48:19 CEST.

Flavor Version Tinstall Tcheck Ttotal Status Flags
r-devel-linux-x86_64-debian-clang 0.1.0 22.76 164.51 187.27 OK
r-devel-linux-x86_64-debian-gcc 0.1.0 22.04 129.23 151.27 OK
r-devel-linux-x86_64-fedora-clang 0.1.0 243.36 NOTE
r-devel-linux-x86_64-fedora-gcc 0.1.0 237.59 NOTE
r-devel-windows-ix86+x86_64 0.1.0 36.00 5.00 41.00 ERROR
r-patched-linux-x86_64 0.1.0 22.31 160.92 183.23 OK
r-release-linux-x86_64 0.1.0 22.76 160.52 183.28 OK
r-release-windows-ix86+x86_64 0.1.0 49.00 230.00 279.00 OK
r-release-osx-x86_64 0.1.0 NOTE
r-oldrel-windows-ix86+x86_64 0.1.0 29.00 163.00 192.00 OK
r-oldrel-osx-x86_64 0.1.0 NOTE

Check Details

Version: 0.1.0
Check: installed package size
Result: NOTE
     installed size is 5.0Mb
     sub-directories of 1Mb or more:
     data 3.8Mb
     extdata 1.1Mb
Flavors: r-devel-linux-x86_64-fedora-clang, r-release-osx-x86_64, r-oldrel-osx-x86_64

Version: 0.1.0
Check: dependencies in R code
Result: NOTE
    Namespaces in Imports field not imported from:
     ‘Matrix’ ‘devtools’ ‘e1071’ ‘glmnet’ ‘hash’ ‘pamr’ ‘randomForest’
     All declared Imports should be used.
Flavors: r-devel-linux-x86_64-fedora-clang, r-devel-linux-x86_64-fedora-gcc, r-release-osx-x86_64, r-oldrel-osx-x86_64

Version: 0.1.0
Check: data for non-ASCII characters
Result: NOTE
     Note: found 3837 marked UTF-8 strings
Flavors: r-devel-linux-x86_64-fedora-clang, r-devel-linux-x86_64-fedora-gcc, r-release-osx-x86_64, r-oldrel-osx-x86_64

Version: 0.1.0
Check: whether package can be installed
Result: ERROR
    Installation failed.
Flavor: r-devel-windows-ix86+x86_64