CRAN Package Check Results for Package lm.beta

Last updated on 2020-09-30 03:47:32 CEST.

Flavor Version Tinstall Tcheck Ttotal Status Flags
r-devel-linux-x86_64-debian-clang 1.5-1 1.77 18.79 20.56 NOTE
r-devel-linux-x86_64-debian-gcc 1.5-1 1.39 14.92 16.31 NOTE
r-devel-linux-x86_64-fedora-clang 1.5-1 34.45 NOTE
r-devel-linux-x86_64-fedora-gcc 1.5-1 24.64 NOTE
r-devel-windows-ix86+x86_64 1.5-1 4.00 30.00 34.00 NOTE
r-patched-linux-x86_64 1.5-1 1.69 18.00 19.69 NOTE
r-patched-solaris-x86 1.5-1 39.00 NOTE
r-release-linux-x86_64 1.5-1 1.91 18.44 20.35 NOTE
r-release-macos-x86_64 1.5-1 NOTE
r-release-windows-ix86+x86_64 1.5-1 5.00 31.00 36.00 NOTE
r-oldrel-macos-x86_64 1.5-1 NOTE
r-oldrel-windows-ix86+x86_64 1.5-1 4.00 34.00 38.00 NOTE

Check Details

Version: 1.5-1
Check: R code for possible problems
Result: NOTE
    lm.beta: no visible global function definition for 'coef'
    lm.beta: no visible global function definition for 'model.matrix'
    lm.beta: no visible global function definition for 'model.frame'
    Undefined global functions or variables:
     coef model.frame model.matrix
    Consider adding
     importFrom("stats", "coef", "model.frame", "model.matrix")
    to your NAMESPACE file.
Flavors: r-devel-linux-x86_64-debian-clang, r-devel-linux-x86_64-debian-gcc, r-devel-linux-x86_64-fedora-clang, r-devel-linux-x86_64-fedora-gcc, r-devel-windows-ix86+x86_64, r-patched-linux-x86_64, r-patched-solaris-x86, r-release-linux-x86_64, r-release-macos-x86_64, r-release-windows-ix86+x86_64, r-oldrel-macos-x86_64, r-oldrel-windows-ix86+x86_64