CRAN Package Check Results for Package lmds

Last updated on 2020-07-07 03:47:54 CEST.

Flavor Version Tinstall Tcheck Ttotal Status Flags
r-devel-linux-x86_64-debian-clang 0.1.0 9.12 83.99 93.11 OK
r-devel-linux-x86_64-debian-gcc 0.1.0 6.74 65.19 71.93 OK
r-devel-linux-x86_64-fedora-clang 0.1.0 117.47 NOTE
r-devel-linux-x86_64-fedora-gcc 0.1.0 109.35 NOTE
r-devel-windows-ix86+x86_64 0.1.0 19.00 93.00 112.00 OK
r-patched-linux-x86_64 0.1.0 8.58 83.06 91.64 OK
r-patched-solaris-x86 0.1.0 171.80 NOTE
r-release-linux-x86_64 0.1.0 7.99 84.27 92.26 OK
r-release-osx-x86_64 0.1.0 NOTE
r-release-windows-ix86+x86_64 0.1.0 19.00 91.00 110.00 OK
r-oldrel-osx-x86_64 0.1.0 NOTE
r-oldrel-windows-ix86+x86_64 0.1.0 45.00 116.00 161.00 OK

Check Details

Version: 0.1.0
Check: dependencies in R code
Result: NOTE
    Namespace in Imports field not imported from: ‘Matrix’
     All declared Imports should be used.
Flavors: r-devel-linux-x86_64-fedora-clang, r-devel-linux-x86_64-fedora-gcc, r-patched-solaris-x86, r-release-osx-x86_64, r-oldrel-osx-x86_64