CRAN Package Check Results for Package lmem.qtler

Last updated on 2020-07-14 03:47:53 CEST.

Flavor Version Tinstall Tcheck Ttotal Status Flags
r-devel-linux-x86_64-debian-clang 0.1.1 12.11 88.25 100.36 NOTE
r-devel-linux-x86_64-debian-gcc 0.1.1 9.43 67.91 77.34 NOTE
r-devel-linux-x86_64-fedora-clang 0.1.1 126.59 NOTE
r-devel-linux-x86_64-fedora-gcc 0.1.1 128.74 NOTE
r-devel-windows-ix86+x86_64 0.1.1 18.00 140.00 158.00 NOTE
r-patched-linux-x86_64 0.1.1 10.17 85.99 96.16 NOTE
r-patched-solaris-x86 0.1.1 176.30 NOTE
r-release-linux-x86_64 0.1.1 11.44 86.21 97.65 NOTE
r-release-macos-x86_64 0.1.1 ERROR
r-release-windows-ix86+x86_64 0.1.1 30.00 97.00 127.00 NOTE
r-oldrel-macos-x86_64 0.1.1 NOTE
r-oldrel-windows-ix86+x86_64 0.1.1 24.00 120.00 144.00 NOTE

Check Details

Version: 0.1.1
Check: R code for possible problems
Result: NOTE
    mq.diagnostics : mq_missinggenotype_plot: no visible global function
     definition for 'plot.missing'
    Undefined global functions or variables:
     plot.missing
Flavors: r-devel-linux-x86_64-debian-clang, r-devel-linux-x86_64-debian-gcc, r-devel-linux-x86_64-fedora-clang, r-devel-linux-x86_64-fedora-gcc, r-devel-windows-ix86+x86_64, r-patched-linux-x86_64, r-patched-solaris-x86, r-release-linux-x86_64, r-release-windows-ix86+x86_64, r-oldrel-macos-x86_64, r-oldrel-windows-ix86+x86_64

Version: 0.1.1
Check: package vignettes
Result: NOTE
    Package vignette with placeholder title 'Vignette Title':
     'lmem.qtler.Rmd'
Flavors: r-devel-linux-x86_64-debian-clang, r-devel-linux-x86_64-debian-gcc, r-devel-windows-ix86+x86_64, r-patched-linux-x86_64, r-release-linux-x86_64, r-release-windows-ix86+x86_64

Version: 0.1.1
Check: for non-standard things in the check directory
Result: NOTE
    Found the following files/directories:
     'cross.data.file.csv' 'qtl_analysis_reports'
Flavors: r-devel-linux-x86_64-debian-clang, r-devel-linux-x86_64-debian-gcc, r-devel-linux-x86_64-fedora-clang, r-devel-linux-x86_64-fedora-gcc, r-patched-linux-x86_64, r-patched-solaris-x86, r-release-linux-x86_64

Version: 0.1.1
Check: whether package can be installed
Result: ERROR
    Installation failed.
Flavor: r-release-macos-x86_64