CRAN Package Check Results for Package loopr

Last updated on 2020-02-24 02:47:05 CET.

Flavor Version Tinstall Tcheck Ttotal Status Flags
r-devel-linux-x86_64-debian-clang 1.0.1 3.46 22.13 25.59 NOTE
r-devel-linux-x86_64-debian-gcc 1.0.1 NOTE
r-devel-linux-x86_64-fedora-clang 1.0.1 32.33 NOTE
r-devel-linux-x86_64-fedora-gcc 1.0.1 31.16 NOTE
r-devel-windows-ix86+x86_64 1.0.1 8.00 33.00 41.00 NOTE
r-devel-windows-ix86+x86_64-gcc8 1.0.1 11.00 48.00 59.00 NOTE
r-patched-linux-x86_64 1.0.1 NOTE
r-patched-solaris-x86 1.0.1 44.20 NOTE
r-release-linux-x86_64 1.0.1 2.80 20.26 23.06 NOTE
r-release-windows-ix86+x86_64 1.0.1 6.00 32.00 38.00 NOTE
r-release-osx-x86_64 1.0.1 NOTE
r-oldrel-windows-ix86+x86_64 1.0.1 4.00 34.00 38.00 NOTE
r-oldrel-osx-x86_64 1.0.1 NOTE

Check Details

Version: 1.0.1
Check: R code for possible problems
Result: NOTE
    amendColumns: no visible global function definition for 'setNames'
    fillColumns: no visible global function definition for 'setNames'
    Undefined global functions or variables:
     setNames
    Consider adding
     importFrom("stats", "setNames")
    to your NAMESPACE file.
Flavors: r-devel-linux-x86_64-debian-clang, r-devel-linux-x86_64-debian-gcc, r-devel-linux-x86_64-fedora-clang, r-devel-linux-x86_64-fedora-gcc, r-devel-windows-ix86+x86_64, r-devel-windows-ix86+x86_64-gcc8, r-patched-linux-x86_64, r-patched-solaris-x86, r-release-linux-x86_64, r-release-windows-ix86+x86_64, r-release-osx-x86_64, r-oldrel-windows-ix86+x86_64, r-oldrel-osx-x86_64