CRAN Package Check Results for Package ltsa

Last updated on 2020-07-04 15:47:35 CEST.

Flavor Version Tinstall Tcheck Ttotal Status Flags
r-devel-linux-x86_64-debian-clang 1.4.6 5.59 28.78 34.37 OK
r-devel-linux-x86_64-debian-gcc 1.4.6 3.61 22.68 26.29 OK
r-devel-linux-x86_64-fedora-clang 1.4.6 49.11 NOTE
r-devel-linux-x86_64-fedora-gcc 1.4.6 39.53 NOTE
r-devel-windows-ix86+x86_64 1.4.6 22.00 50.00 72.00 OK
r-patched-linux-x86_64 1.4.6 4.41 28.87 33.28 OK
r-patched-solaris-x86 1.4.6 55.50 OK
r-release-linux-x86_64 1.4.6 3.81 29.14 32.95 OK
r-release-osx-x86_64 1.4.6 OK
r-release-windows-ix86+x86_64 1.4.6 18.00 58.00 76.00 OK
r-oldrel-osx-x86_64 1.4.6 OK
r-oldrel-windows-ix86+x86_64 1.4.6 26.00 61.00 87.00 OK

Check Details

Version: 1.4.6
Check: compiled code
Result: NOTE
    File ‘ltsa/libs/ltsa.so’:
     Found no calls to: ‘R_registerRoutines’, ‘R_useDynamicSymbols’
    
    It is good practice to register native routines and to disable symbol
    search.
    
    See ‘Writing portable packages’ in the ‘Writing R Extensions’ manual.
Flavors: r-devel-linux-x86_64-fedora-clang, r-devel-linux-x86_64-fedora-gcc