CRAN Package Check Results for Package ltsa

Last updated on 2019-12-09 02:46:42 CET.

Flavor Version Tinstall Tcheck Ttotal Status Flags
r-devel-linux-x86_64-debian-clang 1.4.6 5.27 28.22 33.49 OK
r-devel-linux-x86_64-debian-gcc 1.4.6 3.19 22.19 25.38 OK
r-devel-linux-x86_64-fedora-clang 1.4.6 41.64 NOTE
r-devel-linux-x86_64-fedora-gcc 1.4.6 38.67 NOTE
r-devel-windows-ix86+x86_64 1.4.6 19.00 65.00 84.00 OK
r-devel-windows-ix86+x86_64-gcc8 1.4.6 18.00 68.00 86.00 OK
r-patched-linux-x86_64 1.4.6 3.41 26.81 30.22 OK
r-patched-solaris-x86 1.4.6 53.40 OK
r-release-linux-x86_64 1.4.6 3.59 26.99 30.58 OK
r-release-windows-ix86+x86_64 1.4.6 26.00 61.00 87.00 OK
r-release-osx-x86_64 1.4.6 OK
r-oldrel-windows-ix86+x86_64 1.4.6 15.00 44.00 59.00 OK
r-oldrel-osx-x86_64 1.4.6 OK

Check Details

Version: 1.4.6
Check: compiled code
Result: NOTE
    File ‘ltsa/libs/ltsa.so’:
     Found no calls to: ‘R_registerRoutines’, ‘R_useDynamicSymbols’
    
    It is good practice to register native routines and to disable symbol
    search.
    
    See ‘Writing portable packages’ in the ‘Writing R Extensions’ manual.
Flavors: r-devel-linux-x86_64-fedora-clang, r-devel-linux-x86_64-fedora-gcc