CRAN Package Check Results for Package mQTL

Last updated on 2020-07-07 03:47:55 CEST.

Flavor Version Tinstall Tcheck Ttotal Status Flags
r-devel-linux-x86_64-debian-clang 1.0 5.13 42.68 47.81 NOTE
r-devel-linux-x86_64-debian-gcc 1.0 4.52 32.63 37.15 NOTE
r-devel-linux-x86_64-fedora-clang 1.0 66.66 NOTE
r-devel-linux-x86_64-fedora-gcc 1.0 56.65 NOTE
r-devel-windows-ix86+x86_64 1.0 10.00 56.00 66.00 NOTE
r-patched-linux-x86_64 1.0 5.84 43.05 48.89 NOTE
r-patched-solaris-x86 1.0 78.90 NOTE
r-release-linux-x86_64 1.0 5.17 42.66 47.83 NOTE
r-release-osx-x86_64 1.0 NOTE
r-release-windows-ix86+x86_64 1.0 10.00 54.00 64.00 NOTE
r-oldrel-osx-x86_64 1.0 NOTE
r-oldrel-windows-ix86+x86_64 1.0 9.00 75.00 84.00 NOTE

Check Details

Version: 1.0
Check: R code for possible problems
Result: NOTE
    ppersp: no visible global function definition for 'colorRampPalette'
    Undefined global functions or variables:
     colorRampPalette
    Consider adding
     importFrom("grDevices", "colorRampPalette")
    to your NAMESPACE file.
Flavors: r-devel-linux-x86_64-debian-clang, r-devel-linux-x86_64-debian-gcc, r-devel-linux-x86_64-fedora-clang, r-devel-linux-x86_64-fedora-gcc, r-devel-windows-ix86+x86_64, r-patched-linux-x86_64, r-patched-solaris-x86, r-release-linux-x86_64, r-release-osx-x86_64, r-release-windows-ix86+x86_64, r-oldrel-osx-x86_64, r-oldrel-windows-ix86+x86_64