CRAN Package Check Results for Package mail

Last updated on 2019-09-23 03:49:01 CEST.

Flavor Version Tinstall Tcheck Ttotal Status Flags
r-devel-linux-x86_64-debian-clang 1.0 1.45 15.46 16.91 NOTE
r-devel-linux-x86_64-debian-gcc 1.0 1.35 12.59 13.94 NOTE
r-devel-linux-x86_64-fedora-clang 1.0 21.59 NOTE
r-devel-linux-x86_64-fedora-gcc 1.0 20.66 NOTE
r-devel-windows-ix86+x86_64 1.0 9.00 38.00 47.00 NOTE
r-patched-linux-x86_64 1.0 1.34 15.13 16.47 NOTE
r-patched-solaris-x86 1.0 33.40 NOTE
r-release-linux-x86_64 1.0 1.18 15.16 16.34 NOTE
r-release-windows-ix86+x86_64 1.0 5.00 37.00 42.00 NOTE
r-release-osx-x86_64 1.0 NOTE
r-oldrel-windows-ix86+x86_64 1.0 2.00 24.00 26.00 NOTE
r-oldrel-osx-x86_64 1.0 NOTE

Check Details

Version: 1.0
Check: DESCRIPTION meta-information
Result: NOTE
    Malformed Description field: should contain one or more complete sentences.
Flavors: r-devel-linux-x86_64-debian-clang, r-devel-linux-x86_64-debian-gcc, r-devel-linux-x86_64-fedora-clang, r-devel-linux-x86_64-fedora-gcc, r-devel-windows-ix86+x86_64, r-patched-linux-x86_64, r-patched-solaris-x86, r-release-linux-x86_64, r-release-windows-ix86+x86_64, r-release-osx-x86_64, r-oldrel-windows-ix86+x86_64, r-oldrel-osx-x86_64