CRAN Package Check Results for Package mdapack

Last updated on 2021-03-01 02:46:48 CET.

Flavor Version Tinstall Tcheck Ttotal Status Flags
r-devel-linux-x86_64-debian-clang 0.0.2 OK
r-devel-linux-x86_64-debian-gcc 0.0.2 2.20 27.69 29.89 OK
r-devel-linux-x86_64-fedora-clang 0.0.2 53.62 NOTE
r-devel-linux-x86_64-fedora-gcc 0.0.2 43.58 NOTE
r-devel-windows-ix86+x86_64 0.0.2 6.00 37.00 43.00 OK
r-patched-linux-x86_64 0.0.2 2.53 33.04 35.57 OK
r-patched-solaris-x86 0.0.2 69.90 NOTE
r-release-linux-x86_64 0.0.2 2.69 32.77 35.46 OK
r-release-macos-x86_64 0.0.2 NOTE
r-release-windows-ix86+x86_64 0.0.2 9.00 62.00 71.00 OK
r-oldrel-macos-x86_64 0.0.2 NOTE
r-oldrel-windows-ix86+x86_64 0.0.2 3.00 49.00 52.00 OK

Check Details

Version: 0.0.2
Check: dependencies in R code
Result: NOTE
    Namespaces in Imports field not imported from:
     ‘FactoMineR’ ‘covr’ ‘curl’ ‘devtools’ ‘gh’ ‘git2r’ ‘grDevices’ ‘httr’
     ‘knitr’ ‘openssl’ ‘pkgbuild’ ‘rlang’ ‘rmarkdown’ ‘roxygen2’
     ‘spelling’ ‘testthat’ ‘utils’
     All declared Imports should be used.
Flavors: r-devel-linux-x86_64-fedora-clang, r-devel-linux-x86_64-fedora-gcc, r-patched-solaris-x86, r-release-macos-x86_64, r-oldrel-macos-x86_64