CRAN Package Check Results for Package mdir.logrank

Last updated on 2020-04-04 15:48:23 CEST.

Flavor Version Tinstall Tcheck Ttotal Status Flags
r-devel-linux-x86_64-debian-clang 0.0.4 3.45 29.31 32.76 OK
r-devel-linux-x86_64-debian-gcc 0.0.4 2.59 23.58 26.17 OK
r-devel-linux-x86_64-fedora-clang 0.0.4 39.64 OK
r-devel-linux-x86_64-fedora-gcc 0.0.4 38.78 OK
r-devel-windows-ix86+x86_64 0.0.4 7.00 36.00 43.00 OK
r-devel-windows-ix86+x86_64-gcc8 0.0.4 6.00 41.00 47.00 OK
r-patched-linux-x86_64 0.0.4 2.84 28.77 31.61 OK
r-patched-solaris-x86 0.0.4 57.90 OK
r-release-linux-x86_64 0.0.4 2.87 26.54 29.41 OK
r-release-windows-ix86+x86_64 0.0.4 5.00 52.00 57.00 OK
r-release-osx-x86_64 0.0.4 NOTE
r-oldrel-windows-ix86+x86_64 0.0.4 5.00 38.00 43.00 OK
r-oldrel-osx-x86_64 0.0.4 NOTE

Check Details

Version: 0.0.4
Check: package dependencies
Result: NOTE
    Package suggested but not available for checking: ‘RGtk2’
Flavors: r-release-osx-x86_64, r-oldrel-osx-x86_64