CRAN Package Check Results for Package medmod

Last updated on 2019-11-13 02:48:36 CET.

Flavor Version Tinstall Tcheck Ttotal Status Flags
r-devel-linux-x86_64-debian-clang 1.0.0 6.74 22.94 29.68 OK
r-devel-linux-x86_64-debian-gcc 1.0.0 5.36 18.18 23.54 OK
r-devel-linux-x86_64-fedora-clang 1.0.0 40.65 NOTE
r-devel-linux-x86_64-fedora-gcc 1.0.0 38.99 NOTE
r-devel-windows-ix86+x86_64 1.0.0 21.00 39.00 60.00 OK
r-patched-linux-x86_64 1.0.0 7.03 22.15 29.18 OK
r-patched-solaris-x86 1.0.0 51.40 NOTE
r-release-linux-x86_64 1.0.0 6.31 21.76 28.07 OK
r-release-windows-ix86+x86_64 1.0.0 16.00 58.00 74.00 OK
r-release-osx-x86_64 1.0.0 NOTE
r-oldrel-windows-ix86+x86_64 1.0.0 9.00 49.00 58.00 OK
r-oldrel-osx-x86_64 1.0.0 NOTE

Check Details

Version: 1.0.0
Check: dependencies in R code
Result: NOTE
    Namespaces in Imports field not imported from:
     ‘R6’ ‘ggplot2’ ‘lavaan’
     All declared Imports should be used.
Flavors: r-devel-linux-x86_64-fedora-clang, r-devel-linux-x86_64-fedora-gcc, r-patched-solaris-x86, r-release-osx-x86_64, r-oldrel-osx-x86_64