CRAN Package Check Results for Package medmod

Last updated on 2020-05-25 15:49:04 CEST.

Flavor Version Tinstall Tcheck Ttotal Status Flags
r-devel-linux-x86_64-debian-clang 1.0.0 9.06 26.95 36.01 OK
r-devel-linux-x86_64-debian-gcc 1.0.0 6.81 21.64 28.45 OK
r-devel-linux-x86_64-fedora-clang 1.0.0 44.68 NOTE
r-devel-linux-x86_64-fedora-gcc 1.0.0 43.78 NOTE
r-devel-windows-ix86+x86_64 1.0.0 18.00 41.00 59.00 OK
r-patched-linux-x86_64 1.0.0 7.63 27.22 34.85 OK
r-patched-solaris-x86 1.0.0 64.10 NOTE
r-release-linux-x86_64 1.0.0 7.67 26.59 34.26 OK
r-release-osx-x86_64 1.0.0 NOTE
r-release-windows-ix86+x86_64 1.0.0 22.00 52.00 74.00 OK
r-oldrel-osx-x86_64 1.0.0 NOTE
r-oldrel-windows-ix86+x86_64 1.0.0 10.00 42.00 52.00 OK

Check Details

Version: 1.0.0
Check: dependencies in R code
Result: NOTE
    Namespaces in Imports field not imported from:
     ‘R6’ ‘ggplot2’ ‘lavaan’
     All declared Imports should be used.
Flavors: r-devel-linux-x86_64-fedora-clang, r-devel-linux-x86_64-fedora-gcc, r-patched-solaris-x86, r-release-osx-x86_64, r-oldrel-osx-x86_64