CRAN Package Check Results for Package mixsqp

Last updated on 2020-10-31 02:51:21 CET.

Flavor Version Tinstall Tcheck Ttotal Status Flags
r-devel-linux-x86_64-debian-clang 0.3-43 84.66 120.40 205.06 OK
r-devel-linux-x86_64-debian-gcc 0.3-43 66.87 79.80 146.67 OK
r-devel-linux-x86_64-fedora-clang 0.3-43 262.33 OK
r-devel-linux-x86_64-fedora-gcc 0.3-43 234.67 OK
r-devel-windows-ix86+x86_64 0.3-43 194.00 147.00 341.00 OK
r-patched-linux-x86_64 0.3-43 80.96 102.86 183.82 OK
r-patched-solaris-x86 0.3-43 320.60 NOTE
r-release-linux-x86_64 0.3-43 77.65 101.98 179.63 OK
r-release-macos-x86_64 0.3-43 OK
r-release-windows-ix86+x86_64 0.3-43 153.00 199.00 352.00 OK
r-oldrel-macos-x86_64 0.3-43 OK
r-oldrel-windows-ix86+x86_64 0.3-43 163.00 150.00 313.00 NOTE

Check Details

Version: 0.3-43
Check: package dependencies
Result: NOTE
    Packages suggested but not available for checking: 'REBayes', 'Rmosek'
Flavor: r-patched-solaris-x86

Version: 0.3-43
Check: package dependencies
Result: NOTE
    Package suggested but not available for checking: 'REBayes'
Flavor: r-oldrel-windows-ix86+x86_64

Version: 0.3-43
Check: Rd cross-references
Result: NOTE
    Package unavailable to check Rd xrefs: 'REBayes'
Flavor: r-oldrel-windows-ix86+x86_64