CRAN Package Check Results for Package mlrCPO

Last updated on 2020-07-08 03:47:57 CEST.

Flavor Version Tinstall Tcheck Ttotal Status Flags
r-devel-linux-x86_64-debian-clang 0.3.6 26.18 323.35 349.53 OK
r-devel-linux-x86_64-debian-gcc 0.3.6 22.68 249.96 272.64 OK
r-devel-linux-x86_64-fedora-clang 0.3.6 425.60 OK
r-devel-linux-x86_64-fedora-gcc 0.3.6 428.58 OK
r-devel-windows-ix86+x86_64 0.3.6 37.00 365.00 402.00 OK
r-patched-linux-x86_64 0.3.6 27.61 318.54 346.15 OK
r-patched-solaris-x86 0.3.6 542.30 NOTE
r-release-linux-x86_64 0.3.6 28.09 316.15 344.24 OK
r-release-osx-x86_64 0.3.6 OK
r-release-windows-ix86+x86_64 0.3.6 48.00 345.00 393.00 OK
r-oldrel-osx-x86_64 0.3.6 OK
r-oldrel-windows-ix86+x86_64 0.3.6 55.00 441.00 496.00 OK

Check Details

Version: 0.3.6
Check: package dependencies
Result: NOTE
    Package suggested but not available for checking: ‘FSelector’
Flavor: r-patched-solaris-x86