CRAN Package Check Results for Package mnis

Last updated on 2020-07-15 03:46:53 CEST.

Flavor Version Tinstall Tcheck Ttotal Status Flags
r-devel-linux-x86_64-debian-clang 0.2.7 23.30 68.87 92.17 OK
r-devel-linux-x86_64-debian-gcc 0.2.7 15.40 51.77 67.17 OK
r-devel-linux-x86_64-fedora-clang 0.2.7 122.31 OK
r-devel-linux-x86_64-fedora-gcc 0.2.7 114.37 OK
r-devel-windows-ix86+x86_64 0.2.7 70.00 180.00 250.00 OK
r-patched-linux-x86_64 0.2.7 15.16 66.33 81.49 OK
r-patched-solaris-x86 0.2.7 142.90 OK
r-release-linux-x86_64 0.2.7 16.06 68.86 84.92 OK
r-release-macos-x86_64 0.2.7 ERROR
r-release-windows-ix86+x86_64 0.2.7 56.00 175.00 231.00 OK
r-oldrel-macos-x86_64 0.2.7 OK
r-oldrel-windows-ix86+x86_64 0.2.7 54.00 155.00 209.00 OK

Check Details

Version: 0.2.7
Check: whether package can be installed
Result: ERROR
    Installation failed.
Flavor: r-release-macos-x86_64