CRAN Package Check Results for Package mnis

Last updated on 2019-12-15 14:47:26 CET.

Flavor Version Tinstall Tcheck Ttotal Status Flags
r-devel-linux-x86_64-debian-clang 0.2.7 19.77 65.78 85.55 WARN
r-devel-linux-x86_64-debian-gcc 0.2.7 13.17 50.81 63.98 OK
r-devel-linux-x86_64-fedora-clang 0.2.7 109.86 OK
r-devel-linux-x86_64-fedora-gcc 0.2.7 101.44 OK
r-devel-windows-ix86+x86_64 0.2.7 38.00 163.00 201.00 OK
r-devel-windows-ix86+x86_64-gcc8 0.2.7 42.00 170.00 212.00 OK
r-patched-linux-x86_64 0.2.7 15.50 57.49 72.99 OK
r-patched-solaris-x86 0.2.7 136.80 OK
r-release-linux-x86_64 0.2.7 13.99 57.80 71.79 OK
r-release-windows-ix86+x86_64 0.2.7 34.00 108.00 142.00 OK
r-release-osx-x86_64 0.2.7 OK
r-oldrel-windows-ix86+x86_64 0.2.7 29.00 108.00 137.00 OK
r-oldrel-osx-x86_64 0.2.7 OK

Check Details

Version: 0.2.7
Check: re-building of vignette outputs
Result: WARN
    Error(s) in re-building vignettes:
     ...
    --- re-building 'introduction.Rmd' using rmarkdown
    Quitting from lines 148-151 (introduction.Rmd)
    Error: processing vignette 'introduction.Rmd' failed with diagnostics:
    API did not return json
    --- failed re-building 'introduction.Rmd'
    
    SUMMARY: processing the following file failed:
     'introduction.Rmd'
    
    Error: Vignette re-building failed.
    Execution halted
Flavor: r-devel-linux-x86_64-debian-clang