CRAN Package Check Results for Package mombf

Last updated on 2019-09-23 03:49:02 CEST.

Flavor Version Tinstall Tcheck Ttotal Status Flags
r-devel-linux-x86_64-debian-clang 2.2.4 117.63 192.60 310.23 OK
r-devel-linux-x86_64-debian-gcc 2.2.4 90.67 139.91 230.58 OK
r-devel-linux-x86_64-fedora-clang 2.2.4 408.33 OK
r-devel-linux-x86_64-fedora-gcc 2.2.4 464.72 OK
r-devel-windows-ix86+x86_64 2.2.4 286.00 328.00 614.00 OK
r-patched-linux-x86_64 2.2.4 99.19 187.92 287.11 OK
r-patched-solaris-x86 2.2.4 442.90 OK
r-release-linux-x86_64 2.2.4 105.60 189.06 294.66 OK
r-release-windows-ix86+x86_64 2.2.4 287.00 319.00 606.00 OK
r-release-osx-x86_64 2.2.4 NOTE
r-oldrel-windows-ix86+x86_64 2.2.4 205.00 234.00 439.00 OK
r-oldrel-osx-x86_64 2.2.4 OK

Check Details

Version: 2.2.4
Check: installed package size
Result: NOTE
     installed size is 5.2Mb
     sub-directories of 1Mb or more:
     libs 4.0Mb
Flavor: r-release-osx-x86_64