CRAN Package Check Results for Package mombf

Last updated on 2020-02-20 20:48:31 CET.

Flavor Version Tinstall Tcheck Ttotal Status Flags
r-devel-linux-x86_64-debian-clang 2.2.9 157.95 230.00 387.95 OK
r-devel-linux-x86_64-debian-gcc 2.2.9 102.57 162.18 264.75 OK
r-devel-linux-x86_64-fedora-clang 2.2.9 493.29 NOTE
r-devel-linux-x86_64-fedora-gcc 2.2.9 459.12 OK
r-devel-windows-ix86+x86_64 2.2.9 263.00 269.00 532.00 OK
r-devel-windows-ix86+x86_64-gcc8 2.2.9 399.00 373.00 772.00 OK
r-patched-linux-x86_64 2.2.9 128.79 198.04 326.83 OK
r-patched-solaris-x86 2.2.9 511.20 OK
r-release-linux-x86_64 2.2.9 128.53 197.92 326.45 OK
r-release-windows-ix86+x86_64 2.2.9 245.00 275.00 520.00 OK
r-release-osx-x86_64 2.2.9 NOTE
r-oldrel-windows-ix86+x86_64 2.2.9 233.00 240.00 473.00 OK
r-oldrel-osx-x86_64 2.2.9 OK

Check Details

Version: 2.2.9
Check: installed package size
Result: NOTE
     installed size is 5.6Mb
     sub-directories of 1Mb or more:
     libs 4.2Mb
Flavors: r-devel-linux-x86_64-fedora-clang, r-release-osx-x86_64