CRAN Package Check Results for Package movMF

Last updated on 2020-07-10 03:47:24 CEST.

Flavor Version Tinstall Tcheck Ttotal Status Flags
r-devel-linux-x86_64-debian-clang 0.2-4 4.56 46.54 51.10 NOTE
r-devel-linux-x86_64-debian-gcc 0.2-4 3.00 34.50 37.50 NOTE
r-devel-linux-x86_64-fedora-clang 0.2-4 70.63 NOTE
r-devel-linux-x86_64-fedora-gcc 0.2-4 67.08 NOTE
r-devel-windows-ix86+x86_64 0.2-4 11.00 74.00 85.00 NOTE
r-patched-linux-x86_64 0.2-4 4.28 45.57 49.85 NOTE
r-patched-solaris-x86 0.2-4 76.30 NOTE
r-release-linux-x86_64 0.2-4 3.95 45.33 49.28 NOTE
r-release-osx-x86_64 0.2-4 NOTE
r-release-windows-ix86+x86_64 0.2-4 12.00 69.00 81.00 NOTE
r-oldrel-osx-x86_64 0.2-4 NOTE
r-oldrel-windows-ix86+x86_64 0.2-4 17.00 94.00 111.00 NOTE

Check Details

Version: 0.2-4
Check: package dependencies
Result: NOTE
    Package suggested but not available for checking: 'corpus.useR.2008.abstracts'
Flavors: r-devel-linux-x86_64-debian-clang, r-devel-linux-x86_64-debian-gcc, r-devel-linux-x86_64-fedora-clang, r-devel-linux-x86_64-fedora-gcc, r-devel-windows-ix86+x86_64, r-patched-linux-x86_64, r-patched-solaris-x86, r-release-linux-x86_64, r-release-osx-x86_64, r-release-windows-ix86+x86_64, r-oldrel-osx-x86_64, r-oldrel-windows-ix86+x86_64