CRAN Package Check Results for Package movMF

Last updated on 2019-11-19 14:47:00 CET.

Flavor Version Tinstall Tcheck Ttotal Status Flags
r-devel-linux-x86_64-debian-clang 0.2-4 4.69 51.31 56.00 NOTE
r-devel-linux-x86_64-debian-gcc 0.2-4 3.42 40.36 43.78 NOTE
r-devel-linux-x86_64-fedora-clang 0.2-4 66.66 NOTE
r-devel-linux-x86_64-fedora-gcc 0.2-4 67.20 NOTE
r-devel-windows-ix86+x86_64 0.2-4 17.00 91.00 108.00 NOTE
r-devel-windows-ix86+x86_64-gcc8 0.2-4 16.00 73.00 89.00 NOTE
r-patched-linux-x86_64 0.2-4 3.52 49.35 52.87 NOTE
r-patched-solaris-x86 0.2-4 81.90 NOTE
r-release-linux-x86_64 0.2-4 4.04 48.11 52.15 NOTE
r-release-windows-ix86+x86_64 0.2-4 12.00 112.00 124.00 NOTE
r-release-osx-x86_64 0.2-4 NOTE
r-oldrel-windows-ix86+x86_64 0.2-4 14.00 101.00 115.00 NOTE
r-oldrel-osx-x86_64 0.2-4 NOTE

Check Details

Version: 0.2-4
Check: package dependencies
Result: NOTE
    Package suggested but not available for checking: 'corpus.useR.2008.abstracts'
Flavors: r-devel-linux-x86_64-debian-clang, r-devel-linux-x86_64-debian-gcc, r-devel-linux-x86_64-fedora-clang, r-devel-linux-x86_64-fedora-gcc, r-devel-windows-ix86+x86_64, r-devel-windows-ix86+x86_64-gcc8, r-patched-linux-x86_64, r-patched-solaris-x86, r-release-linux-x86_64, r-release-windows-ix86+x86_64, r-release-osx-x86_64, r-oldrel-windows-ix86+x86_64, r-oldrel-osx-x86_64