CRAN Package Check Results for Package move

Last updated on 2020-01-19 02:49:00 CET.

Flavor Version Tinstall Tcheck Ttotal Status Flags
r-devel-linux-x86_64-debian-clang 3.2.2 43.38 288.16 331.54 OK
r-devel-linux-x86_64-debian-gcc 3.2.2 31.97 211.47 243.44 OK
r-devel-linux-x86_64-fedora-clang 3.2.2 398.59 OK
r-devel-linux-x86_64-fedora-gcc 3.2.2 371.33 OK
r-devel-windows-ix86+x86_64 3.2.2 87.00 605.00 692.00 NOTE
r-devel-windows-ix86+x86_64-gcc8 3.2.2 61.00 645.00 706.00 NOTE
r-patched-linux-x86_64 3.2.2 32.23 248.81 281.04 OK
r-patched-solaris-x86 3.2.2 405.70 OK
r-release-linux-x86_64 3.2.2 33.76 249.66 283.42 OK
r-release-windows-ix86+x86_64 3.2.2 75.00 554.00 629.00 NOTE
r-release-osx-x86_64 3.2.2 OK
r-oldrel-windows-ix86+x86_64 3.2.2 65.00 384.00 449.00 NOTE
r-oldrel-osx-x86_64 3.2.2 OK

Check Details

Version: 3.2.2
Check: installed package size
Result: NOTE
     installed size is 5.2Mb
     sub-directories of 1Mb or more:
     R 1.1Mb
     data 1.6Mb
     libs 1.4Mb
Flavors: r-devel-windows-ix86+x86_64, r-devel-windows-ix86+x86_64-gcc8, r-release-windows-ix86+x86_64, r-oldrel-windows-ix86+x86_64