CRAN Package Check Results for Package move

Last updated on 2020-08-15 03:48:12 CEST.

Flavor Version Tinstall Tcheck Ttotal Status Flags
r-devel-linux-x86_64-debian-clang 4.0.2 35.44 322.70 358.14 OK
r-devel-linux-x86_64-debian-gcc 4.0.2 31.60 232.04 263.64 OK
r-devel-linux-x86_64-fedora-clang 4.0.2 434.06 OK
r-devel-linux-x86_64-fedora-gcc 4.0.2 425.94 OK
r-devel-windows-ix86+x86_64 4.0.2 79.00 676.00 755.00 NOTE
r-patched-linux-x86_64 4.0.2 39.11 314.68 353.79 OK
r-patched-solaris-x86 4.0.2 526.90 OK
r-release-linux-x86_64 4.0.2 35.64 314.12 349.76 OK
r-release-macos-x86_64 4.0.2 OK
r-release-windows-ix86+x86_64 4.0.2 78.00 482.00 560.00 NOTE
r-oldrel-macos-x86_64 4.0.2 OK
r-oldrel-windows-ix86+x86_64 4.0.2 57.00 453.00 510.00 NOTE

Check Details

Version: 4.0.2
Check: installed package size
Result: NOTE
     installed size is 5.5Mb
     sub-directories of 1Mb or more:
     R 1.1Mb
     libs 1.9Mb
Flavors: r-devel-windows-ix86+x86_64, r-release-windows-ix86+x86_64, r-oldrel-windows-ix86+x86_64