CRAN Package Check Results for Package mscstts

Last updated on 2020-07-14 03:47:56 CEST.

Flavor Version Tinstall Tcheck Ttotal Status Flags
r-devel-linux-x86_64-debian-clang 0.5.5 2.54 26.24 28.78 OK
r-devel-linux-x86_64-debian-gcc 0.5.5 1.94 21.22 23.16 OK
r-devel-linux-x86_64-fedora-clang 0.5.5 43.83 OK
r-devel-linux-x86_64-fedora-gcc 0.5.5 34.58 OK
r-devel-windows-ix86+x86_64 0.5.5 6.00 55.00 61.00 OK
r-patched-linux-x86_64 0.5.5 2.39 26.50 28.89 OK
r-patched-solaris-x86 0.5.5 54.60 OK
r-release-linux-x86_64 0.5.5 2.44 26.42 28.86 OK
r-release-macos-x86_64 0.5.5 ERROR
r-release-windows-ix86+x86_64 0.5.5 8.00 39.00 47.00 OK
r-oldrel-macos-x86_64 0.5.5 OK
r-oldrel-windows-ix86+x86_64 0.5.5 6.00 47.00 53.00 OK

Check Details

Version: 0.5.5
Check: whether package can be installed
Result: ERROR
    Installation failed.
Flavor: r-release-macos-x86_64