CRAN Package Check Results for Package mssm

Last updated on 2020-12-05 02:49:50 CET.

Flavor Version Tinstall Tcheck Ttotal Status Flags
r-devel-linux-x86_64-debian-clang 0.1.3 400.01 64.40 464.41 OK
r-devel-linux-x86_64-debian-gcc 0.1.3 272.77 46.56 319.33 OK
r-devel-linux-x86_64-fedora-clang 0.1.3 644.95 NOTE
r-devel-linux-x86_64-fedora-gcc 0.1.3 600.40 OK
r-devel-windows-ix86+x86_64 0.1.3 741.00 209.00 950.00 NOTE
r-patched-linux-x86_64 0.1.3 326.65 58.71 385.36 OK
r-patched-solaris-x86 0.1.3 465.60 OK
r-release-linux-x86_64 0.1.3 316.00 58.87 374.87 OK
r-release-macos-x86_64 0.1.3 NOTE
r-release-windows-ix86+x86_64 0.1.3 674.00 170.00 844.00 NOTE
r-oldrel-macos-x86_64 0.1.3 NOTE
r-oldrel-windows-ix86+x86_64 0.1.3 816.00 209.00 1025.00 NOTE

Additional issues

LTO

Check Details

Version: 0.1.3
Check: installed package size
Result: NOTE
     installed size is 19.2Mb
     sub-directories of 1Mb or more:
     help 1.0Mb
     libs 18.1Mb
Flavors: r-devel-linux-x86_64-fedora-clang, r-devel-windows-ix86+x86_64, r-release-macos-x86_64, r-release-windows-ix86+x86_64, r-oldrel-macos-x86_64, r-oldrel-windows-ix86+x86_64