CRAN Package Check Results for Package multiAssetOptions

Last updated on 2020-04-07 03:48:16 CEST.

Flavor Version Tinstall Tcheck Ttotal Status Flags
r-devel-linux-x86_64-debian-clang 0.1-1 9.90 64.76 74.66 NOTE
r-devel-linux-x86_64-debian-gcc 0.1-1 6.74 50.48 57.22 NOTE
r-devel-linux-x86_64-fedora-clang 0.1-1 86.07 NOTE
r-devel-linux-x86_64-fedora-gcc 0.1-1 98.70 NOTE
r-devel-windows-ix86+x86_64 0.1-1 21.00 71.00 92.00 NOTE
r-devel-windows-ix86+x86_64-gcc8 0.1-1 13.00 71.00 84.00 NOTE
r-patched-linux-x86_64 0.1-1 8.00 63.36 71.36 NOTE
r-patched-solaris-x86 0.1-1 135.00 NOTE
r-release-linux-x86_64 0.1-1 7.31 57.18 64.49 NOTE
r-release-windows-ix86+x86_64 0.1-1 14.00 95.00 109.00 NOTE
r-release-osx-x86_64 0.1-1 NOTE
r-oldrel-windows-ix86+x86_64 0.1-1 12.00 67.00 79.00 NOTE
r-oldrel-osx-x86_64 0.1-1 NOTE

Check Details

Version: 0.1-1
Check: R code for possible problems
Result: NOTE
    plotOptionValues: no visible global function definition for 'persp'
    Undefined global functions or variables:
     persp
    Consider adding
     importFrom("graphics", "persp")
    to your NAMESPACE file.
Flavors: r-devel-linux-x86_64-debian-clang, r-devel-linux-x86_64-debian-gcc, r-devel-linux-x86_64-fedora-clang, r-devel-linux-x86_64-fedora-gcc, r-devel-windows-ix86+x86_64, r-devel-windows-ix86+x86_64-gcc8, r-patched-linux-x86_64, r-patched-solaris-x86

Version: 0.1-1
Check: R code for possible problems
Result: NOTE
    plotOptionValues: no visible global function definition for ‘plot’
    plotOptionValues: no visible global function definition for ‘persp’
    Undefined global functions or variables:
     persp plot
    Consider adding
     importFrom("graphics", "persp", "plot")
    to your NAMESPACE file.
Flavors: r-release-linux-x86_64, r-release-windows-ix86+x86_64, r-release-osx-x86_64, r-oldrel-windows-ix86+x86_64, r-oldrel-osx-x86_64