CRAN Package Check Results for Package multinomineq

Last updated on 2020-02-23 02:47:30 CET.

Flavor Version Tinstall Tcheck Ttotal Status Flags
r-devel-linux-x86_64-debian-clang 0.2.1 78.94 280.26 359.20 NOTE
r-devel-linux-x86_64-debian-gcc 0.2.1 54.75 180.20 234.95 NOTE
r-devel-linux-x86_64-fedora-clang 0.2.1 434.75 NOTE
r-devel-linux-x86_64-fedora-gcc 0.2.1 413.64 NOTE
r-devel-windows-ix86+x86_64 0.2.1 129.00 550.00 679.00 NOTE
r-devel-windows-ix86+x86_64-gcc8 0.2.1 190.00 644.00 834.00 NOTE
r-patched-linux-x86_64 0.2.1 NOTE
r-patched-solaris-x86 0.2.1 488.80 NOTE
r-release-linux-x86_64 0.2.1 59.69 244.30 303.99 NOTE
r-release-windows-ix86+x86_64 0.2.1 120.00 579.00 699.00 NOTE
r-release-osx-x86_64 0.2.1 NOTE
r-oldrel-windows-ix86+x86_64 0.2.1 161.00 560.00 721.00 NOTE
r-oldrel-osx-x86_64 0.2.1 NOTE

Check Details

Version: 0.2.1
Check: package dependencies
Result: NOTE
    Package suggested but not available for checking: 'rPorta'
Flavors: r-devel-linux-x86_64-debian-clang, r-devel-linux-x86_64-debian-gcc, r-devel-linux-x86_64-fedora-clang, r-devel-linux-x86_64-fedora-gcc, r-devel-windows-ix86+x86_64, r-devel-windows-ix86+x86_64-gcc8, r-patched-linux-x86_64, r-patched-solaris-x86, r-release-linux-x86_64, r-release-windows-ix86+x86_64, r-release-osx-x86_64, r-oldrel-windows-ix86+x86_64, r-oldrel-osx-x86_64

Version: 0.2.1
Check: installed package size
Result: NOTE
     installed size is 5.9Mb
     sub-directories of 1Mb or more:
     libs 4.5Mb
Flavors: r-devel-linux-x86_64-fedora-clang, r-release-osx-x86_64, r-oldrel-osx-x86_64