CRAN Package Check Results for Package ncdf.tools

Last updated on 2019-10-21 03:47:46 CEST.

Flavor Version Tinstall Tcheck Ttotal Status Flags
r-devel-linux-x86_64-debian-clang 0.7.1.295 10.37 69.20 79.57 NOTE
r-devel-linux-x86_64-debian-gcc 0.7.1.295 7.85 55.80 63.65 NOTE
r-devel-linux-x86_64-fedora-clang 0.7.1.295 99.65 NOTE
r-devel-linux-x86_64-fedora-gcc 0.7.1.295 94.26 NOTE
r-devel-windows-ix86+x86_64 0.7.1.295 16.00 114.00 130.00 NOTE
r-patched-linux-x86_64 0.7.1.295 9.50 67.81 77.31 NOTE
r-patched-solaris-x86 0.7.1.295 134.60 NOTE
r-release-linux-x86_64 0.7.1.295 9.08 68.96 78.04 NOTE
r-release-windows-ix86+x86_64 0.7.1.295 23.00 77.00 100.00 NOTE
r-release-osx-x86_64 0.7.1.295 NOTE
r-oldrel-windows-ix86+x86_64 0.7.1.295 11.00 80.00 91.00 NOTE
r-oldrel-osx-x86_64 0.7.1.295 NOTE

Check Details

Version: 0.7.1.295
Check: R code for possible problems
Result: NOTE
    infoNcdfVars: no visible global function definition for 'na.omit'
    modifyNcdfDefAtts: no visible global function definition for 'na.omit'
    plotDatacube: no visible global function definition for 'runif'
    plotDatacube: no visible global function definition for
     'colorRampPalette'
    plotDatacube: no visible global function definition for 'dev.cur'
    plotDatacube: no visible global function definition for 'dev.new'
    plotDatacube: no visible global function definition for 'layout'
    plotDatacube: no visible global function definition for 'par'
    plotDatacube: no visible global function definition for 'points'
    plotDatacube: no visible global function definition for 'text'
    plotDatacube: no visible global function definition for 'plot.new'
    plotDatacube: no visible global function definition for 'mtext'
    plotDatacube: no visible global function definition for 'rgb'
    plotDatacube: no visible global function definition for 'legend'
    transNcdfRotate: no visible global function definition for 'na.omit'
    Undefined global functions or variables:
     colorRampPalette dev.cur dev.new layout legend mtext na.omit par
     plot.new points rgb runif text
    Consider adding
     importFrom("grDevices", "colorRampPalette", "dev.cur", "dev.new",
     "rgb")
     importFrom("graphics", "layout", "legend", "mtext", "par", "plot.new",
     "points", "text")
     importFrom("stats", "na.omit", "runif")
    to your NAMESPACE file.
Flavors: r-devel-linux-x86_64-debian-clang, r-devel-linux-x86_64-debian-gcc, r-devel-linux-x86_64-fedora-clang, r-devel-linux-x86_64-fedora-gcc, r-devel-windows-ix86+x86_64, r-patched-linux-x86_64, r-patched-solaris-x86, r-release-linux-x86_64, r-release-windows-ix86+x86_64, r-release-osx-x86_64, r-oldrel-windows-ix86+x86_64, r-oldrel-osx-x86_64

Version: 0.7.1.295
Check: for non-standard things in the check directory
Result: NOTE
    Found the following files/directories:
     'test.nc'
Flavors: r-devel-linux-x86_64-debian-clang, r-devel-linux-x86_64-debian-gcc, r-devel-linux-x86_64-fedora-clang, r-devel-linux-x86_64-fedora-gcc