CRAN Package Check Results for Package nima

Last updated on 2019-10-23 15:47:32 CEST.

Flavor Version Tinstall Tcheck Ttotal Status Flags
r-devel-linux-x86_64-debian-clang 0.5.0 4.06 40.34 44.40 OK
r-devel-linux-x86_64-debian-gcc 0.5.0 3.60 31.64 35.24 OK
r-devel-linux-x86_64-fedora-clang 0.5.0 53.44 NOTE
r-devel-linux-x86_64-fedora-gcc 0.5.0 51.22 NOTE
r-devel-windows-ix86+x86_64 0.5.0 17.00 54.00 71.00 OK
r-patched-linux-x86_64 0.5.0 3.51 38.74 42.25 OK
r-patched-solaris-x86 0.5.0 80.50 NOTE
r-release-linux-x86_64 0.5.0 3.49 38.86 42.35 OK
r-release-windows-ix86+x86_64 0.5.0 16.00 77.00 93.00 OK
r-release-osx-x86_64 0.5.0 NOTE
r-oldrel-windows-ix86+x86_64 0.5.0 11.00 83.00 94.00 OK
r-oldrel-osx-x86_64 0.5.0 NOTE

Check Details

Version: 0.5.0
Check: dependencies in R code
Result: NOTE
    Namespaces in Imports field not imported from:
     ‘ProjectTemplate’ ‘devtools’ ‘plyr’ ‘survival’
     All declared Imports should be used.
Flavors: r-devel-linux-x86_64-fedora-clang, r-devel-linux-x86_64-fedora-gcc, r-patched-solaris-x86, r-release-osx-x86_64, r-oldrel-osx-x86_64