CRAN Package Check Results for Package nnls

Last updated on 2020-04-09 15:53:53 CEST.

Flavor Version Tinstall Tcheck Ttotal Status Flags
r-devel-linux-x86_64-debian-clang 1.4 2.62 17.66 20.28 OK
r-devel-linux-x86_64-debian-gcc 1.4 2.34 14.46 16.80 OK
r-devel-linux-x86_64-fedora-clang 1.4 25.74 NOTE
r-devel-linux-x86_64-fedora-gcc 1.4 27.39 NOTE
r-devel-windows-ix86+x86_64 1.4 11.00 59.00 70.00 OK
r-devel-windows-ix86+x86_64-gcc8 1.4 9.00 36.00 45.00 OK
r-patched-linux-x86_64 1.4 2.65 17.57 20.22 OK
r-patched-osx-x86_64 1.4 OK
r-patched-solaris-x86 1.4 41.30 OK
r-release-linux-x86_64 1.4 2.23 16.53 18.76 OK
r-release-windows-ix86+x86_64 1.4 8.00 46.00 54.00 OK
r-release-osx-x86_64 1.4 OK
r-oldrel-windows-ix86+x86_64 1.4 7.00 31.00 38.00 OK
r-oldrel-osx-x86_64 1.4 OK

Check Details

Version: 1.4
Check: compiled code
Result: NOTE
    File ‘nnls/libs/nnls.so’:
     Found no calls to: ‘R_registerRoutines’, ‘R_useDynamicSymbols’
    
    It is good practice to register native routines and to disable symbol
    search.
    
    See ‘Writing portable packages’ in the ‘Writing R Extensions’ manual.
Flavors: r-devel-linux-x86_64-fedora-clang, r-devel-linux-x86_64-fedora-gcc