CRAN Package Check Results for Package npsf

Last updated on 2020-06-02 03:47:56 CEST.

Flavor Version Tinstall Tcheck Ttotal Status Flags
r-devel-linux-x86_64-debian-clang 0.6.0 33.50 68.29 101.79 OK
r-devel-linux-x86_64-debian-gcc 0.6.0 23.44 51.76 75.20 OK
r-devel-linux-x86_64-fedora-clang 0.6.0 131.68 OK
r-devel-linux-x86_64-fedora-gcc 0.6.0 116.91 OK
r-devel-windows-ix86+x86_64 0.6.0 76.00 117.00 193.00 OK
r-patched-linux-x86_64 0.6.0 27.20 68.85 96.05 OK
r-patched-solaris-x86 0.6.0 133.70 OK
r-release-linux-x86_64 0.6.0 26.31 69.08 95.39 OK
r-release-osx-x86_64 0.6.0 NOTE
r-release-windows-ix86+x86_64 0.6.0 61.00 136.00 197.00 OK
r-oldrel-osx-x86_64 0.6.0 NOTE
r-oldrel-windows-ix86+x86_64 0.6.0 59.00 97.00 156.00 OK

Check Details

Version: 0.6.0
Check: package dependencies
Result: NOTE
    Package suggested but not available for checking: ‘Rmpi’
Flavors: r-release-osx-x86_64, r-oldrel-osx-x86_64