CRAN Package Check Results for Package officer

Last updated on 2020-09-18 15:52:54 CEST.

Flavor Version Tinstall Tcheck Ttotal Status Flags
r-devel-linux-x86_64-debian-clang 0.3.14 19.39 89.49 108.88 OK
r-devel-linux-x86_64-debian-gcc 0.3.14 16.19 68.46 84.65 OK
r-devel-linux-x86_64-fedora-clang 0.3.14 141.48 OK
r-devel-linux-x86_64-fedora-gcc 0.3.14 136.17 OK
r-devel-windows-ix86+x86_64 0.3.14 30.00 134.00 164.00 OK
r-patched-linux-x86_64 0.3.14 18.30 88.72 107.02 OK
r-patched-solaris-x86 0.3.14 165.90 NOTE
r-release-linux-x86_64 0.3.14 17.58 89.93 107.51 OK
r-release-macos-x86_64 0.3.14 OK
r-release-windows-ix86+x86_64 0.3.14 35.00 130.00 165.00 OK
r-oldrel-macos-x86_64 0.3.14 OK
r-oldrel-windows-ix86+x86_64 0.3.14 22.00 129.00 151.00 OK

Check Details

Version: 0.3.14
Check: package dependencies
Result: NOTE
    Package suggested but not available for checking: ‘rsvg’
Flavor: r-patched-solaris-x86