CRAN Package Check Results for Package oolong

Last updated on 2020-08-08 03:50:48 CEST.

Flavor Version Tinstall Tcheck Ttotal Status Flags
r-devel-linux-x86_64-debian-clang 0.3.4 21.98 253.79 275.77 OK
r-devel-linux-x86_64-debian-gcc 0.3.4 16.97 182.56 199.53 OK
r-devel-linux-x86_64-fedora-clang 0.3.4 302.73 NOTE
r-devel-linux-x86_64-fedora-gcc 0.3.4 287.72 NOTE
r-devel-windows-ix86+x86_64 0.3.4 40.00 315.00 355.00 OK
r-patched-linux-x86_64 0.3.4 15.22 233.74 248.96 OK
r-patched-solaris-x86 0.3.4 405.80 NOTE
r-release-linux-x86_64 0.3.4 13.38 235.83 249.21 OK
r-release-macos-x86_64 0.3.4 NOTE
r-release-windows-ix86+x86_64 0.3.4 47.00 209.00 256.00 OK
r-oldrel-macos-x86_64 0.3.4 NOTE
r-oldrel-windows-ix86+x86_64 0.3.4 24.00 213.00 237.00 OK

Check Details

Version: 0.3.4
Check: dependencies in R code
Result: NOTE
    Namespaces in Imports field not imported from:
     ‘R6’ ‘digest’ ‘dplyr’ ‘miniUI’ ‘text2vec’
     All declared Imports should be used.
Flavors: r-devel-linux-x86_64-fedora-clang, r-devel-linux-x86_64-fedora-gcc, r-patched-solaris-x86, r-release-macos-x86_64, r-oldrel-macos-x86_64