CRAN Package Check Results for Package opalr

Last updated on 2020-07-05 03:47:46 CEST.

Flavor Version Tinstall Tcheck Ttotal Status Flags
r-devel-linux-x86_64-debian-clang 1.4.1 6.39 50.30 56.69 OK
r-devel-linux-x86_64-debian-gcc 1.4.1 5.43 39.51 44.94 OK
r-devel-linux-x86_64-fedora-clang 1.4.1 75.29 NOTE
r-devel-linux-x86_64-fedora-gcc 1.4.1 66.67 NOTE
r-devel-windows-ix86+x86_64 1.4.1 18.00 67.00 85.00 OK
r-patched-linux-x86_64 1.4.1 6.00 50.22 56.22 OK
r-patched-solaris-x86 1.4.1 90.60 NOTE
r-release-linux-x86_64 1.4.1 4.88 50.51 55.39 OK
r-release-osx-x86_64 1.4.1 NOTE
r-release-windows-ix86+x86_64 1.4.1 13.00 63.00 76.00 OK
r-oldrel-osx-x86_64 1.4.1 NOTE
r-oldrel-windows-ix86+x86_64 1.4.1 34.00 112.00 146.00 OK

Check Details

Version: 1.4.1
Check: dependencies in R code
Result: NOTE
    Namespace in Imports field not imported from: ‘xml2’
     All declared Imports should be used.
Flavors: r-devel-linux-x86_64-fedora-clang, r-devel-linux-x86_64-fedora-gcc, r-patched-solaris-x86, r-release-osx-x86_64, r-oldrel-osx-x86_64