CRAN Package Check Results for Package opalr

Last updated on 2019-12-11 14:47:31 CET.

Flavor Version Tinstall Tcheck Ttotal Status Flags
r-devel-linux-x86_64-debian-clang 1.2.0 5.11 40.57 45.68 OK
r-devel-linux-x86_64-debian-gcc 1.3.0 5.55 40.35 45.90 OK
r-devel-linux-x86_64-fedora-clang 1.3.0 72.41 NOTE
r-devel-linux-x86_64-fedora-gcc 1.3.0 71.15 NOTE
r-devel-windows-ix86+x86_64 1.2.0 10.00 77.00 87.00 OK
r-devel-windows-ix86+x86_64-gcc8 1.2.0 12.00 85.00 97.00 OK
r-patched-linux-x86_64 1.2.0 4.18 37.43 41.61 OK
r-patched-solaris-x86 1.3.0 86.60 NOTE
r-release-linux-x86_64 1.2.0 4.21 37.45 41.66 OK
r-release-windows-ix86+x86_64 1.2.0 10.00 58.00 68.00 OK
r-release-osx-x86_64 1.2.0 NOTE
r-oldrel-windows-ix86+x86_64 1.2.0 7.00 54.00 61.00 OK
r-oldrel-osx-x86_64 1.2.0 NOTE

Check Details

Version: 1.3.0
Check: dependencies in R code
Result: NOTE
    Namespace in Imports field not imported from: ‘xml2’
     All declared Imports should be used.
Flavors: r-devel-linux-x86_64-fedora-clang, r-devel-linux-x86_64-fedora-gcc, r-patched-solaris-x86

Version: 1.2.0
Check: dependencies in R code
Result: NOTE
    Namespace in Imports field not imported from: ‘xml2’
     All declared Imports should be used.
Flavors: r-release-osx-x86_64, r-oldrel-osx-x86_64