CRAN Package Check Results for Package pacotest

Last updated on 2019-11-21 02:48:28 CET.

Flavor Version Tinstall Tcheck Ttotal Status Flags
r-devel-linux-x86_64-debian-clang 0.3.1 132.53 328.90 461.43 OK
r-devel-linux-x86_64-debian-gcc 0.3.1 96.08 219.88 315.96 OK
r-devel-linux-x86_64-fedora-clang 0.3.1 567.27 NOTE
r-devel-linux-x86_64-fedora-gcc 0.3.1 551.59 OK
r-devel-windows-ix86+x86_64 0.3.1 343.00 802.00 1145.00 OK
r-devel-windows-ix86+x86_64-gcc8 0.3.1 259.00 676.00 935.00 OK
r-patched-linux-x86_64 0.3.1 108.67 302.59 411.26 OK
r-patched-solaris-x86 0.3.1 685.80 OK
r-release-linux-x86_64 0.3.1 105.80 303.01 408.81 OK
r-release-windows-ix86+x86_64 0.3.1 298.00 813.00 1111.00 OK
r-release-osx-x86_64 0.3.1 NOTE
r-oldrel-windows-ix86+x86_64 0.3.1 191.00 898.00 1089.00 OK
r-oldrel-osx-x86_64 0.3.1 NOTE

Check Details

Version: 0.3.1
Check: installed package size
Result: NOTE
     installed size is 6.4Mb
     sub-directories of 1Mb or more:
     libs 6.1Mb
Flavors: r-devel-linux-x86_64-fedora-clang, r-release-osx-x86_64, r-oldrel-osx-x86_64