CRAN Package Check Results for Package pangaear

Last updated on 2020-07-15 03:46:56 CEST.

Flavor Version Tinstall Tcheck Ttotal Status Flags
r-devel-linux-x86_64-debian-clang 1.0.0 5.28 47.06 52.34 OK
r-devel-linux-x86_64-debian-gcc 1.0.0 3.87 36.74 40.61 OK
r-devel-linux-x86_64-fedora-clang 1.0.0 69.15 OK
r-devel-linux-x86_64-fedora-gcc 1.0.0 63.19 OK
r-devel-windows-ix86+x86_64 1.0.0 22.00 91.00 113.00 OK
r-patched-linux-x86_64 1.0.0 5.43 45.69 51.12 OK
r-patched-solaris-x86 1.0.0 98.10 OK
r-release-linux-x86_64 1.0.0 4.73 47.71 52.44 OK
r-release-macos-x86_64 1.0.0 ERROR
r-release-windows-ix86+x86_64 1.0.0 14.00 98.00 112.00 OK
r-oldrel-macos-x86_64 1.0.0 OK
r-oldrel-windows-ix86+x86_64 1.0.0 12.00 78.00 90.00 OK

Check Details

Version: 1.0.0
Check: whether package can be installed
Result: ERROR
    Installation failed.
Flavor: r-release-macos-x86_64