CRAN Package Check Results for Package parameters

Last updated on 2020-01-27 02:47:21 CET.

Flavor Version Tinstall Tcheck Ttotal Status Flags
r-devel-linux-x86_64-debian-clang 0.4.1 14.42 198.41 212.83 NOTE
r-devel-linux-x86_64-debian-gcc 0.4.1 11.26 150.65 161.91 NOTE
r-devel-linux-x86_64-fedora-clang 0.4.1 243.19 NOTE
r-devel-linux-x86_64-fedora-gcc 0.4.1 252.30 NOTE
r-devel-windows-ix86+x86_64 0.4.1 26.00 319.00 345.00 OK
r-devel-windows-ix86+x86_64-gcc8 0.4.1 28.00 317.00 345.00 OK
r-patched-linux-x86_64 0.4.1 12.31 177.90 190.21 NOTE
r-patched-solaris-x86 0.4.1 307.30 NOTE
r-release-linux-x86_64 0.4.1 11.94 178.42 190.36 NOTE
r-release-windows-ix86+x86_64 0.4.1 17.00 210.00 227.00 OK
r-release-osx-x86_64 0.4.1 OK
r-oldrel-windows-ix86+x86_64 0.4.1 13.00 224.00 237.00 OK
r-oldrel-osx-x86_64 0.4.1 OK

Check Details

Version: 0.4.1
Check: package dependencies
Result: NOTE
    Package suggested but not available for checking: 'rstanarm'
Flavors: r-devel-linux-x86_64-debian-clang, r-devel-linux-x86_64-debian-gcc, r-devel-linux-x86_64-fedora-clang, r-devel-linux-x86_64-fedora-gcc, r-patched-linux-x86_64, r-patched-solaris-x86, r-release-linux-x86_64