CRAN Package Check Results for Package parameters

Last updated on 2020-09-22 03:49:33 CEST.

Flavor Version Tinstall Tcheck Ttotal Status Flags
r-devel-linux-x86_64-debian-clang 0.8.5 17.32 343.92 361.24 OK
r-devel-linux-x86_64-debian-gcc 0.8.6 0.62 3.57 4.19 ERROR
r-devel-linux-x86_64-fedora-clang 0.8.6 457.49 OK
r-devel-linux-x86_64-fedora-gcc 0.8.6 459.82 OK
r-devel-windows-ix86+x86_64 0.8.5 28.00 360.00 388.00 OK
r-patched-linux-x86_64 0.8.5 19.12 314.94 334.06 NOTE
r-patched-solaris-x86 0.8.6 545.10 NOTE
r-release-linux-x86_64 0.8.5 19.63 339.04 358.67 OK
r-release-macos-x86_64 0.8.5 NOTE
r-release-windows-ix86+x86_64 0.8.5 31.00 456.00 487.00 OK
r-oldrel-macos-x86_64 0.8.5 NOTE
r-oldrel-windows-ix86+x86_64 0.8.5 19.00 329.00 348.00 OK

Check Details

Version: 0.8.6
Check: whether package can be installed
Result: ERROR
    Installation failed.
Flavor: r-devel-linux-x86_64-debian-gcc

Version: 0.8.5
Check: package dependencies
Result: NOTE
    Package suggested but not available for checking: ‘rstanarm’
Flavor: r-patched-linux-x86_64

Version: 0.8.6
Check: package dependencies
Result: NOTE
    Package suggested but not available for checking: ‘M3C’
Flavor: r-patched-solaris-x86

Version: 0.8.5
Check: package dependencies
Result: NOTE
    Package suggested but not available for checking: ‘M3C’
Flavors: r-release-macos-x86_64, r-oldrel-macos-x86_64