CRAN Package Check Results for Package parcor

Last updated on 2020-01-26 14:46:58 CET.

Flavor Version Tinstall Tcheck Ttotal Status Flags
r-devel-linux-x86_64-debian-clang 0.2-6 10.05 83.39 93.44 NOTE
r-devel-linux-x86_64-debian-gcc 0.2-6 7.54 63.01 70.55 NOTE
r-devel-linux-x86_64-fedora-clang 0.2-6 109.73 WARN
r-devel-linux-x86_64-fedora-gcc 0.2-6 106.23 NOTE
r-devel-windows-ix86+x86_64 0.2-6 28.00 128.00 156.00 NOTE
r-devel-windows-ix86+x86_64-gcc8 0.2-6 27.00 101.00 128.00 NOTE
r-patched-linux-x86_64 0.2-6 8.87 72.03 80.90 NOTE
r-patched-solaris-x86 0.2-6 145.30 NOTE
r-release-linux-x86_64 0.2-6 8.88 73.37 82.25 NOTE
r-release-windows-ix86+x86_64 0.2-6 15.00 88.00 103.00 NOTE
r-release-osx-x86_64 0.2-6 NOTE
r-oldrel-windows-ix86+x86_64 0.2-6 8.00 123.00 131.00 NOTE
r-oldrel-osx-x86_64 0.2-6 NOTE

Check Details

Version: 0.2-6
Check: R code for possible problems
Result: NOTE
    adalasso: no visible global function definition for 'predict'
    lm.ridge.univariate: no visible global function definition for 'sd'
    mylars: no visible global function definition for 'predict'
    mylars: no visible binding for global variable 'var'
    performance.pcor: no visible global function definition for
     'ggm.test.edges'
    performance.pcor: no visible global function definition for 'var'
    ridge.cv: no visible global function definition for 'coef'
    ridge.cv: no visible global function definition for 'plot'
    Undefined global functions or variables:
     coef ggm.test.edges plot predict sd var
    Consider adding
     importFrom("graphics", "plot")
     importFrom("stats", "coef", "predict", "sd", "var")
    to your NAMESPACE file.
Flavors: r-devel-linux-x86_64-debian-clang, r-devel-linux-x86_64-debian-gcc, r-devel-linux-x86_64-fedora-clang, r-devel-linux-x86_64-fedora-gcc, r-devel-windows-ix86+x86_64, r-devel-windows-ix86+x86_64-gcc8, r-patched-linux-x86_64, r-patched-solaris-x86, r-release-linux-x86_64, r-release-windows-ix86+x86_64, r-release-osx-x86_64, r-oldrel-windows-ix86+x86_64, r-oldrel-osx-x86_64

Version: 0.2-6
Check: package dependencies
Result: WARN
    Requires orphaned package: ‘ppls’
Flavor: r-devel-linux-x86_64-fedora-clang