CRAN Package Check Results for Package partitions

Last updated on 2020-01-22 02:50:04 CET.

Flavor Version Tinstall Tcheck Ttotal Status Flags
r-devel-linux-x86_64-debian-clang 1.9-22 5.93 55.19 61.12 OK
r-devel-linux-x86_64-debian-gcc 1.9-22 3.98 43.46 47.44 OK
r-devel-linux-x86_64-fedora-clang 1.9-22 79.70 OK
r-devel-linux-x86_64-fedora-gcc 1.9-22 76.71 OK
r-devel-windows-ix86+x86_64 1.9-22 26.00 109.00 135.00 OK
r-devel-windows-ix86+x86_64-gcc8 1.9-22 23.00 129.00 152.00 OK
r-patched-linux-x86_64 1.9-22 4.42 51.19 55.61 OK
r-patched-solaris-x86 1.9-22 106.70 OK
r-release-linux-x86_64 1.9-22 4.71 52.15 56.86 OK
r-release-windows-ix86+x86_64 1.9-22 25.00 164.00 189.00 OK
r-release-osx-x86_64 1.9-22 OK
r-oldrel-windows-ix86+x86_64 1.9-19 17.00 116.00 133.00 OK
r-oldrel-osx-x86_64 1.9-22 ERROR

Check Details

Version: 1.9-22
Check: whether package can be installed
Result: ERROR
    Installation failed.
Flavor: r-oldrel-osx-x86_64