CRAN Package Check Results for Package pastecs

Last updated on 2020-09-22 03:49:33 CEST.

Flavor Version Tinstall Tcheck Ttotal Status Flags
r-devel-linux-x86_64-debian-clang 1.3.21 10.07 48.06 58.13 OK
r-devel-linux-x86_64-debian-gcc 1.3.21 0.37 2.51 2.88 ERROR
r-devel-linux-x86_64-fedora-clang 1.3.21 78.05 OK
r-devel-linux-x86_64-fedora-gcc 1.3.21 69.64 OK
r-devel-windows-ix86+x86_64 1.3.21 15.00 54.00 69.00 OK
r-patched-linux-x86_64 1.3.21 10.30 48.13 58.43 OK
r-patched-solaris-x86 1.3.21 88.20 OK
r-release-linux-x86_64 1.3.21 9.95 48.20 58.15 OK
r-release-macos-x86_64 1.3.21 OK
r-release-windows-ix86+x86_64 1.3.21 17.00 51.00 68.00 OK
r-oldrel-macos-x86_64 1.3.21 OK
r-oldrel-windows-ix86+x86_64 1.3.21 9.00 47.00 56.00 OK

Check Details

Version: 1.3.21
Check: whether package can be installed
Result: ERROR
    Installation failed.
Flavor: r-devel-linux-x86_64-debian-gcc