CRAN Package Check Results for Package pcFactorStan

Last updated on 2020-02-24 14:48:10 CET.

Flavor Version Tinstall Tcheck Ttotal Status Flags
r-devel-linux-x86_64-debian-clang 1.4.0 926.76 269.33 1196.09 NOTE
r-devel-linux-x86_64-debian-gcc 1.4.0 913.01 209.44 1122.45 NOTE
r-devel-linux-x86_64-fedora-clang 1.4.0 1673.23 NOTE
r-devel-linux-x86_64-fedora-gcc 1.4.0 1913.77 NOTE
r-devel-windows-ix86+x86_64 1.3.0 1556.00 547.00 2103.00 NOTE
r-devel-windows-ix86+x86_64-gcc8 1.4.0 1652.00 707.00 2359.00 NOTE
r-patched-linux-x86_64 1.4.0 NOTE
r-patched-solaris-x86 1.4.0 1527.60 NOTE
r-release-linux-x86_64 1.4.0 956.75 269.95 1226.70 NOTE
r-release-windows-ix86+x86_64 1.4.0 1481.00 474.00 1955.00 NOTE
r-release-osx-x86_64 1.4.0 NOTE
r-oldrel-windows-ix86+x86_64 1.4.0 1671.00 652.00 2323.00 NOTE
r-oldrel-osx-x86_64 1.4.0 NOTE

Check Details

Version: 1.4.0
Check: for GNU extensions in Makefiles
Result: NOTE
    GNU make is a SystemRequirements.
Flavors: r-devel-linux-x86_64-debian-clang, r-devel-linux-x86_64-debian-gcc, r-devel-linux-x86_64-fedora-clang, r-devel-linux-x86_64-fedora-gcc, r-devel-windows-ix86+x86_64-gcc8, r-patched-linux-x86_64, r-patched-solaris-x86, r-release-linux-x86_64, r-release-windows-ix86+x86_64, r-release-osx-x86_64, r-oldrel-windows-ix86+x86_64, r-oldrel-osx-x86_64

Version: 1.4.0
Check: installed package size
Result: NOTE
     installed size is 142.2Mb
     sub-directories of 1Mb or more:
     doc 2.7Mb
     libs 139.0Mb
Flavors: r-devel-linux-x86_64-fedora-clang, r-devel-windows-ix86+x86_64-gcc8, r-patched-solaris-x86, r-release-windows-ix86+x86_64, r-release-osx-x86_64, r-oldrel-windows-ix86+x86_64, r-oldrel-osx-x86_64

Version: 1.3.0
Check: installed package size
Result: NOTE
     installed size is 16.3Mb
     sub-directories of 1Mb or more:
     doc 2.6Mb
     libs 13.2Mb
Flavor: r-devel-windows-ix86+x86_64

Version: 1.3.0
Check: for GNU extensions in Makefiles
Result: NOTE
    GNU make is a SystemRequirements.
Flavor: r-devel-windows-ix86+x86_64