CRAN Package Check Results for Package pcFactorStan

Last updated on 2019-09-21 03:48:31 CEST.

Flavor Version Tinstall Tcheck Ttotal Status Flags
r-devel-linux-x86_64-debian-clang 1.0.2 624.56 150.86 775.42 NOTE
r-devel-linux-x86_64-debian-gcc 1.0.2 671.83 135.83 807.66 NOTE
r-devel-linux-x86_64-fedora-clang 1.0.2 1148.61 NOTE
r-devel-linux-x86_64-fedora-gcc 1.0.2 1417.90 NOTE
r-devel-windows-ix86+x86_64 1.0.2 1593.00 414.00 2007.00 NOTE
r-patched-linux-x86_64 1.0.2 659.64 172.78 832.42 NOTE
r-patched-solaris-x86 1.0.2 1090.80 NOTE
r-release-linux-x86_64 1.0.2 635.25 172.58 807.83 NOTE
r-release-windows-ix86+x86_64 1.0.2 1107.00 344.00 1451.00 NOTE
r-release-osx-x86_64 1.0.2 NOTE
r-oldrel-windows-ix86+x86_64 1.0.2 1111.00 314.00 1425.00 NOTE
r-oldrel-osx-x86_64 1.0.2 NOTE

Check Details

Version: 1.0.2
Check: for GNU extensions in Makefiles
Result: NOTE
    GNU make is a SystemRequirements.
Flavors: r-devel-linux-x86_64-debian-clang, r-devel-linux-x86_64-debian-gcc, r-devel-linux-x86_64-fedora-clang, r-devel-linux-x86_64-fedora-gcc, r-devel-windows-ix86+x86_64, r-patched-linux-x86_64, r-patched-solaris-x86, r-release-linux-x86_64, r-release-windows-ix86+x86_64, r-release-osx-x86_64, r-oldrel-windows-ix86+x86_64, r-oldrel-osx-x86_64

Version: 1.0.2
Check: installed package size
Result: NOTE
     installed size is 102.4Mb
     sub-directories of 1Mb or more:
     doc 2.6Mb
     libs 99.4Mb
Flavors: r-devel-linux-x86_64-fedora-clang, r-devel-windows-ix86+x86_64, r-patched-solaris-x86, r-release-windows-ix86+x86_64, r-release-osx-x86_64, r-oldrel-windows-ix86+x86_64, r-oldrel-osx-x86_64