CRAN Package Check Results for Package piecepackr

Last updated on 2020-02-25 02:48:38 CET.

Flavor Version Tinstall Tcheck Ttotal Status Flags
r-devel-linux-x86_64-debian-clang 1.2.1 9.89 148.11 158.00 OK
r-devel-linux-x86_64-debian-gcc 1.2.1 8.09 108.85 116.94 OK
r-devel-linux-x86_64-fedora-clang 1.2.1 178.33 OK
r-devel-linux-x86_64-fedora-gcc 1.2.1 172.70 OK
r-devel-windows-ix86+x86_64 1.2.1 17.00 139.00 156.00 OK
r-devel-windows-ix86+x86_64-gcc8 1.2.1 29.00 214.00 243.00 OK
r-patched-linux-x86_64 1.2.1 9.23 125.54 134.77 OK
r-patched-solaris-x86 1.2.1 203.60 WARN
r-release-linux-x86_64 1.2.1 7.86 123.11 130.97 OK
r-release-windows-ix86+x86_64 1.2.1 13.00 147.00 160.00 OK
r-release-osx-x86_64 1.2.1 OK
r-oldrel-windows-ix86+x86_64 1.2.1 10.00 149.00 159.00 OK
r-oldrel-osx-x86_64 1.2.1 OK

Check Details

Version: 1.2.1
Check: for unstated dependencies in ‘tests’
Result: WARN
    Warning in deparse(e[[2L]]) :
     it is not known that wchar_t is Unicode on this platform
    Warning in deparse(e[[2L]]) :
     it is not known that wchar_t is Unicode on this platform
Flavor: r-patched-solaris-x86