CRAN Package Check Results for Package pivottabler

Last updated on 2020-10-01 03:48:47 CEST.

Flavor Version Tinstall Tcheck Ttotal Status Flags
r-devel-linux-x86_64-debian-clang 1.5.0 39.10 211.74 250.84 OK
r-devel-linux-x86_64-debian-gcc 1.5.0 0.75 2.79 3.54 ERROR
r-devel-linux-x86_64-fedora-clang 1.5.0 288.32 OK
r-devel-linux-x86_64-fedora-gcc 1.5.0 282.71 OK
r-devel-windows-ix86+x86_64 1.5.0 47.00 185.00 232.00 OK
r-patched-linux-x86_64 1.5.0 34.76 203.91 238.67 OK
r-patched-solaris-x86 1.5.0 330.20 OK
r-release-linux-x86_64 1.5.0 35.38 194.63 230.01 OK
r-release-macos-x86_64 1.5.0 OK
r-release-windows-ix86+x86_64 1.5.0 62.00 253.00 315.00 OK
r-oldrel-macos-x86_64 1.5.0 OK
r-oldrel-windows-ix86+x86_64 1.5.0 55.00 237.00 292.00 OK

Check Details

Version: 1.5.0
Check: whether package can be installed
Result: ERROR
    Installation failed.
Flavor: r-devel-linux-x86_64-debian-gcc