CRAN Package Check Results for Package pkgdown

Last updated on 2020-06-05 03:50:27 CEST.

Flavor Version Tinstall Tcheck Ttotal Status Flags
r-devel-linux-x86_64-debian-clang 1.5.1 6.93 80.73 87.66 OK
r-devel-linux-x86_64-debian-gcc 1.5.1 6.48 63.18 69.66 OK
r-devel-linux-x86_64-fedora-clang 1.5.1 114.18 NOTE
r-devel-linux-x86_64-fedora-gcc 1.5.1 122.48 OK
r-devel-windows-ix86+x86_64 1.5.1 22.00 164.00 186.00 OK
r-patched-linux-x86_64 1.5.1 6.03 81.41 87.44 OK
r-patched-solaris-x86 1.5.1 116.50 ERROR
r-release-linux-x86_64 1.5.1 7.78 83.12 90.90 OK
r-release-osx-x86_64 1.5.1 OK
r-release-windows-ix86+x86_64 1.5.1 16.00 111.00 127.00 OK
r-oldrel-osx-x86_64 1.5.1 ERROR
r-oldrel-windows-ix86+x86_64 1.5.1 21.00 118.00 139.00 OK

Check Details

Version: 1.5.1
Check: package dependencies
Result: NOTE
    Imports includes 25 non-default packages.
    Importing from so many packages makes the package vulnerable to any of
    them becoming unavailable. Move as many as possible to Suggests and
    use conditionally.
Flavor: r-devel-linux-x86_64-fedora-clang

Version: 1.5.1
Check: tests
Result: ERROR
     Running ‘testthat.R’ [22s/88s]
    Running the tests in ‘tests/testthat.R’ failed.
    Complete output:
     > library(testthat)
     > library(pkgdown)
     >
     > test_check("pkgdown")
     ── 1. Error: empty string works (@test-markdown.R#2) ──────────────────────────
     Pandoc not available
     Backtrace:
     1. testthat::expect_equal(markdown_text(""), "")
     4. pkgdown:::markdown_text("")
     5. pkgdown:::markdown(tmp, ...)
    
     ── 2. Error: empty string works (@test-markdown.R#2) ──────────────────────────
     [ENOENT] Failed to remove '/tmp/RtmpABaaGf/working_dir/RtmpAoaiqG/file408172f254f8.html': no such file or directory
     Backtrace:
     1. testthat::expect_equal(markdown_text(""), "")
     4. pkgdown:::markdown_text("")
     5. pkgdown:::markdown(tmp, ...)
     6. fs::file_delete(tmp)
    
     ══ testthat results ═══════════════════════════════════════════════════════════
     [ OK: 357 | SKIPPED: 32 | WARNINGS: 0 | FAILED: 2 ]
     1. Error: empty string works (@test-markdown.R#2)
     2. Error: empty string works (@test-markdown.R#2)
    
     Error: testthat unit tests failed
     Execution halted
Flavor: r-patched-solaris-x86

Version: 1.5.1
Check: tests
Result: ERROR
     Running ‘testthat.R’ [25s/34s]
    Running the tests in ‘tests/testthat.R’ failed.
    Last 13 lines of output:
     ── 2. Error: empty string works (@test-markdown.R#2) ──────────────────────────
     [ENOENT] Failed to remove '/tmp/RtmpP8w2VJ/file9bf77cdec8e6.html': no such file or directory
     Backtrace:
     1. testthat::expect_equal(markdown_text(""), "")
     4. pkgdown:::markdown_text("")
     5. pkgdown:::markdown(tmp, ...)
     6. fs::file_delete(tmp)
    
     ══ testthat results ═══════════════════════════════════════════════════════════
     [ OK: 361 | SKIPPED: 30 | WARNINGS: 1 | FAILED: 2 ]
     1. Error: empty string works (@test-markdown.R#2)
     2. Error: empty string works (@test-markdown.R#2)
    
     Error: testthat unit tests failed
     Execution halted
Flavor: r-oldrel-osx-x86_64