CRAN Package Check Results for Package plotmo

Last updated on 2020-07-14 03:47:59 CEST.

Flavor Version Tinstall Tcheck Ttotal Status Flags
r-devel-linux-x86_64-debian-clang 3.5.7 12.99 74.26 87.25 OK
r-devel-linux-x86_64-debian-gcc 3.5.7 10.39 56.66 67.05 OK
r-devel-linux-x86_64-fedora-clang 3.5.7 110.52 OK
r-devel-linux-x86_64-fedora-gcc 3.5.7 105.21 OK
r-devel-windows-ix86+x86_64 3.5.7 25.00 95.00 120.00 OK
r-patched-linux-x86_64 3.5.7 12.21 74.59 86.80 OK
r-patched-solaris-x86 3.5.7 122.90 OK
r-release-linux-x86_64 3.5.7 11.55 74.47 86.02 OK
r-release-macos-x86_64 3.5.7 ERROR
r-release-windows-ix86+x86_64 3.5.7 28.00 71.00 99.00 OK
r-oldrel-macos-x86_64 3.5.7 OK
r-oldrel-windows-ix86+x86_64 3.5.7 40.00 91.00 131.00 OK

Check Details

Version: 3.5.7
Check: whether package can be installed
Result: ERROR
    Installation failed.
Flavor: r-release-macos-x86_64