CRAN Package Check Results for Package plumber

Last updated on 2020-10-01 03:48:47 CEST.

Flavor Version Tinstall Tcheck Ttotal Status Flags
r-devel-linux-x86_64-debian-clang 1.0.0 12.34 80.75 93.09 OK
r-devel-linux-x86_64-debian-gcc 1.0.0 0.63 2.81 3.44 ERROR
r-devel-linux-x86_64-fedora-clang 1.0.0 160.56 OK
r-devel-linux-x86_64-fedora-gcc 1.0.0 162.63 OK
r-devel-windows-ix86+x86_64 1.0.0 25.00 81.00 106.00 OK
r-patched-linux-x86_64 1.0.0 11.96 113.15 125.11 OK
r-patched-solaris-x86 1.0.0 148.10 OK
r-release-linux-x86_64 1.0.0 12.02 112.85 124.87 OK
r-release-macos-x86_64 1.0.0 OK
r-release-windows-ix86+x86_64 1.0.0 23.00 111.00 134.00 OK
r-oldrel-macos-x86_64 1.0.0 OK
r-oldrel-windows-ix86+x86_64 1.0.0 19.00 104.00 123.00 OK

Check Details

Version: 1.0.0
Check: whether package can be installed
Result: ERROR
    Installation failed.
Flavor: r-devel-linux-x86_64-debian-gcc