CRAN Package Check Results for Package poio

Last updated on 2020-09-19 15:53:06 CEST.

Flavor Version Tinstall Tcheck Ttotal Status Flags
r-devel-linux-x86_64-debian-clang 0.0-4 8.91 73.09 82.00 OK
r-devel-linux-x86_64-debian-gcc 0.0-4 8.41 54.01 62.42 OK
r-devel-linux-x86_64-fedora-clang 0.0-4 112.33 NOTE
r-devel-linux-x86_64-fedora-gcc 0.0-4 100.06 NOTE
r-devel-windows-ix86+x86_64 0.0-4 23.00 97.00 120.00 OK
r-patched-linux-x86_64 0.0-4 9.58 70.17 79.75 OK
r-patched-solaris-x86 0.0-4 140.90 NOTE
r-release-linux-x86_64 0.0-4 8.07 71.22 79.29 OK
r-release-macos-x86_64 0.0-4 NOTE
r-release-windows-ix86+x86_64 0.0-4 23.00 98.00 121.00 OK
r-oldrel-macos-x86_64 0.0-4 NOTE
r-oldrel-windows-ix86+x86_64 0.0-4 14.00 95.00 109.00 OK

Check Details

Version: 0.0-4
Check: Rd cross-references
Result: NOTE
    Undeclared package ‘ISOcodes’ in Rd xrefs
Flavor: r-devel-linux-x86_64-fedora-clang

Version: 0.0-4
Check: data for non-ASCII characters
Result: NOTE
     Note: found 8 marked UTF-8 strings
Flavors: r-devel-linux-x86_64-fedora-clang, r-devel-linux-x86_64-fedora-gcc, r-patched-solaris-x86, r-release-macos-x86_64, r-oldrel-macos-x86_64