CRAN Package Check Results for Package poio

Last updated on 2020-02-20 02:48:32 CET.

Flavor Version Tinstall Tcheck Ttotal Status Flags
r-devel-linux-x86_64-debian-clang 0.0-3 9.95 73.07 83.02 OK
r-devel-linux-x86_64-debian-gcc 0.0-3 7.45 54.36 61.81 OK
r-devel-linux-x86_64-fedora-clang 0.0-3 98.10 NOTE
r-devel-linux-x86_64-fedora-gcc 0.0-3 96.54 NOTE
r-devel-windows-ix86+x86_64 0.0-3 27.00 97.00 124.00 OK
r-devel-windows-ix86+x86_64-gcc8 0.0-3 39.00 99.00 138.00 OK
r-patched-linux-x86_64 0.0-3 7.90 62.74 70.64 OK
r-patched-solaris-x86 0.0-3 125.60 NOTE
r-release-linux-x86_64 0.0-3 7.65 63.03 70.68 OK
r-release-windows-ix86+x86_64 0.0-3 19.00 86.00 105.00 OK
r-release-osx-x86_64 0.0-3 NOTE
r-oldrel-windows-ix86+x86_64 0.0-3 11.00 81.00 92.00 OK
r-oldrel-osx-x86_64 0.0-3 NOTE

Check Details

Version: 0.0-3
Check: data for non-ASCII characters
Result: NOTE
     Note: found 8 marked UTF-8 strings
Flavors: r-devel-linux-x86_64-fedora-clang, r-devel-linux-x86_64-fedora-gcc, r-patched-solaris-x86, r-release-osx-x86_64, r-oldrel-osx-x86_64