CRAN Package Check Results for Package pop.wolf

Last updated on 2019-10-16 15:48:22 CEST.

Flavor Version Tinstall Tcheck Ttotal Status Flags
r-devel-linux-x86_64-debian-clang 0.1 2.99 22.04 25.03 OK
r-devel-linux-x86_64-debian-gcc 0.1 2.34 17.83 20.17 OK
r-devel-linux-x86_64-fedora-clang 0.1 32.96 NOTE
r-devel-linux-x86_64-fedora-gcc 0.1 30.29 NOTE
r-devel-windows-ix86+x86_64 0.1 21.00 44.00 65.00 OK
r-patched-linux-x86_64 0.1 2.66 21.62 24.28 OK
r-patched-solaris-x86 0.1 47.90 OK
r-release-linux-x86_64 0.1 2.41 21.76 24.17 OK
r-release-windows-ix86+x86_64 0.1 12.00 71.00 83.00 OK
r-release-osx-x86_64 0.1 OK
r-oldrel-windows-ix86+x86_64 0.1 10.00 45.00 55.00 OK
r-oldrel-osx-x86_64 0.1 OK

Check Details

Version: 0.1
Check: compiled code
Result: NOTE
    File ‘pop.wolf/libs/pop.wolf.so’:
     Found no calls to: ‘R_registerRoutines’, ‘R_useDynamicSymbols’
    
    It is good practice to register native routines and to disable symbol
    search.
    
    See ‘Writing portable packages’ in the ‘Writing R Extensions’ manual.
Flavors: r-devel-linux-x86_64-fedora-clang, r-devel-linux-x86_64-fedora-gcc