CRAN Package Check Results for Package popKorn

Last updated on 2020-08-14 03:47:53 CEST.

Flavor Version Tinstall Tcheck Ttotal Status Flags
r-devel-linux-x86_64-debian-clang 0.3-0 2.51 42.89 45.40 NOTE
r-devel-linux-x86_64-debian-gcc 0.3-0 1.80 32.00 33.80 NOTE
r-devel-linux-x86_64-fedora-clang 0.3-0 61.69 NOTE
r-devel-linux-x86_64-fedora-gcc 0.3-0 52.90 NOTE
r-devel-windows-ix86+x86_64 0.3-0 9.00 78.00 87.00 NOTE
r-patched-linux-x86_64 0.3-0 2.15 41.96 44.11 NOTE
r-patched-solaris-x86 0.3-0 72.30 NOTE
r-release-linux-x86_64 0.3-0 2.34 41.93 44.27 NOTE
r-release-macos-x86_64 0.3-0 NOTE
r-release-windows-ix86+x86_64 0.3-0 7.00 62.00 69.00 NOTE
r-oldrel-macos-x86_64 0.3-0 NOTE
r-oldrel-windows-ix86+x86_64 0.3-0 6.00 74.00 80.00 NOTE

Check Details

Version: 0.3-0
Check: R code for possible problems
Result: NOTE
    asymmetricIntervals: no visible global function definition for 'stack'
    bonferroniIntervals: no visible global function definition for 'stack'
    bonferroniIntervals: no visible global function definition for 'lm'
    bonferroniIntervals: no visible global function definition for
     'predict'
    bootstrapIntervals: no visible global function definition for 'stack'
    component1a: no visible global function definition for 'pnorm'
    component1b: no visible global function definition for 'pnorm'
    component2: no visible global function definition for 'dgamma'
    eqnForMin: no visible global function definition for 'pnorm'
    eqnForMin: no visible global function definition for 'integrate'
    integrand : <anonymous>: no visible global function definition for
     'pnorm'
    integrand: no visible global function definition for 'dnorm'
    integrate2: no visible global function definition for 'integrate'
    integrate2a: no visible global function definition for 'integrate'
    integrate2b: no visible global function definition for 'integrate'
    integrate4a: no visible global function definition for 'integrate'
    integrate4b: no visible global function definition for 'integrate'
    optimalCScalar2: no visible global function definition for 'uniroot'
    optimalLambda: no visible global function definition for 'optimise'
    optimalLambdaC: no visible global function definition for 'pnorm'
    Undefined global functions or variables:
     dgamma dnorm integrate lm optimise pnorm predict stack uniroot
    Consider adding
     importFrom("stats", "dgamma", "dnorm", "integrate", "lm", "optimise",
     "pnorm", "predict", "uniroot")
     importFrom("utils", "stack")
    to your NAMESPACE file.
Flavors: r-devel-linux-x86_64-debian-clang, r-devel-linux-x86_64-debian-gcc, r-devel-linux-x86_64-fedora-clang, r-devel-linux-x86_64-fedora-gcc, r-devel-windows-ix86+x86_64, r-patched-linux-x86_64, r-patched-solaris-x86, r-release-linux-x86_64, r-release-macos-x86_64, r-release-windows-ix86+x86_64, r-oldrel-macos-x86_64, r-oldrel-windows-ix86+x86_64