CRAN Package Check Results for Package posterdown

Last updated on 2020-05-27 03:48:40 CEST.

Flavor Version Tinstall Tcheck Ttotal Status Flags
r-devel-linux-x86_64-debian-clang 1.0 2.01 20.43 22.44 OK
r-devel-linux-x86_64-debian-gcc 1.0 1.54 16.56 18.10 OK
r-devel-linux-x86_64-fedora-clang 1.0 37.76 OK
r-devel-linux-x86_64-fedora-gcc 1.0 27.57 OK
r-devel-windows-ix86+x86_64 1.0 10.00 37.00 47.00 OK
r-patched-linux-x86_64 1.0 2.08 20.76 22.84 OK
r-patched-solaris-x86 1.0 4.60 ERROR
r-release-linux-x86_64 1.0 2.12 20.99 23.11 OK
r-release-osx-x86_64 1.0 OK
r-release-windows-ix86+x86_64 1.0 9.00 43.00 52.00 OK
r-oldrel-osx-x86_64 1.0 OK
r-oldrel-windows-ix86+x86_64 1.0 4.00 35.00 39.00 OK

Check Details

Version: 1.0
Check: package dependencies
Result: ERROR
    Package required but not available: ‘pagedown’
    
    See section ‘The DESCRIPTION file’ in the ‘Writing R Extensions’
    manual.
Flavor: r-patched-solaris-x86