CRAN Package Check Results for Package prevR

Last updated on 2020-09-20 03:47:33 CEST.

Flavor Version Tinstall Tcheck Ttotal Status Flags
r-devel-linux-x86_64-debian-clang 3.4.1 16.42 180.38 196.80 OK
r-devel-linux-x86_64-debian-gcc 3.4.1 14.51 132.21 146.72 OK
r-devel-linux-x86_64-fedora-clang 3.4.1 245.60 OK
r-devel-linux-x86_64-fedora-gcc 3.4.1 237.56 OK
r-devel-windows-ix86+x86_64 3.4.1 45.00 214.00 259.00 OK
r-patched-linux-x86_64 3.4.1 14.78 171.66 186.44 OK
r-patched-solaris-x86 3.4.1 345.70 OK
r-release-linux-x86_64 3.4.1 16.24 172.03 188.27 OK
r-release-macos-x86_64 3.4.1 OK
r-release-windows-ix86+x86_64 3.4.1 42.00 255.00 297.00 OK
r-oldrel-macos-x86_64 3.4.1 NOTE
r-oldrel-windows-ix86+x86_64 3.4.1 25.00 272.00 297.00 OK

Check Details

Version: 3.4.1
Check: dependencies in R code
Result: NOTE
    No protocol specified
    No protocol specified
Flavor: r-oldrel-macos-x86_64