CRAN Package Check Results for Package prioritizr

Last updated on 2019-09-16 15:47:12 CEST.

Flavor Version Tinstall Tcheck Ttotal Status Flags
r-devel-linux-x86_64-debian-clang 4.1.3 328.04 193.72 521.76 NOTE
r-devel-linux-x86_64-debian-gcc 4.1.3 279.62 148.49 428.11 NOTE
r-devel-linux-x86_64-fedora-clang 4.1.3 786.06 NOTE
r-devel-linux-x86_64-fedora-gcc 4.1.3 772.32 NOTE
r-devel-windows-ix86+x86_64 4.1.1 924.00 929.00 1853.00 NOTE
r-patched-linux-x86_64 4.1.3 304.04 190.09 494.13 NOTE
r-patched-solaris-x86 4.1.3 651.40 NOTE
r-release-linux-x86_64 4.1.3 299.28 189.52 488.80 NOTE
r-release-windows-ix86+x86_64 4.1.3 699.00 328.00 1027.00 NOTE
r-release-osx-x86_64 4.1.3 NOTE
r-oldrel-windows-ix86+x86_64 4.1.3 996.00 272.00 1268.00 NOTE
r-oldrel-osx-x86_64 4.1.3 NOTE

Check Details

Version: 4.1.3
Check: package dependencies
Result: NOTE
    Package suggested but not available for checking: 'gurobi'
Flavors: r-devel-linux-x86_64-debian-clang, r-devel-linux-x86_64-debian-gcc, r-devel-linux-x86_64-fedora-clang, r-devel-linux-x86_64-fedora-gcc, r-patched-linux-x86_64, r-release-linux-x86_64, r-release-windows-ix86+x86_64, r-oldrel-windows-ix86+x86_64

Version: 4.1.3
Check: installed package size
Result: NOTE
     installed size is 17.1Mb
     sub-directories of 1Mb or more:
     doc 1.2Mb
     libs 13.9Mb
Flavors: r-devel-linux-x86_64-fedora-clang, r-release-windows-ix86+x86_64, r-release-osx-x86_64, r-oldrel-windows-ix86+x86_64, r-oldrel-osx-x86_64

Version: 4.1.1
Check: package dependencies
Result: NOTE
    Package suggested but not available for checking: 'gurobi'
Flavor: r-devel-windows-ix86+x86_64

Version: 4.1.1
Check: installed package size
Result: NOTE
     installed size is 6.2Mb
     sub-directories of 1Mb or more:
     doc 1.8Mb
     libs 2.7Mb
Flavor: r-devel-windows-ix86+x86_64

Version: 4.1.3
Check: package dependencies
Result: NOTE
    Packages suggested but not available for checking:
     'gurobi', 'lpsymphony', 'Rsymphony'
Flavors: r-patched-solaris-x86, r-release-osx-x86_64

Version: 4.1.3
Check: package dependencies
Result: NOTE
    Packages suggested but not available for checking:
     ‘gurobi’ ‘lpsymphony’ ‘Rsymphony’
Flavor: r-oldrel-osx-x86_64