CRAN Package Check Results for Package promises

Last updated on 2020-09-19 15:53:07 CEST.

Flavor Version Tinstall Tcheck Ttotal Status Flags
r-devel-linux-x86_64-debian-clang 1.1.1 21.93 42.01 63.94 OK
r-devel-linux-x86_64-debian-gcc 1.1.1 14.63 32.81 47.44 OK
r-devel-linux-x86_64-fedora-clang 1.1.1 90.48 NOTE
r-devel-linux-x86_64-fedora-gcc 1.1.1 77.62 OK
r-devel-windows-ix86+x86_64 1.1.1 81.00 126.00 207.00 OK
r-patched-linux-x86_64 1.1.1 16.34 41.83 58.17 OK
r-patched-solaris-x86 1.1.1 90.80 OK
r-release-linux-x86_64 1.1.1 14.98 41.82 56.80 OK
r-release-macos-x86_64 1.1.1 OK
r-release-windows-ix86+x86_64 1.1.1 51.00 137.00 188.00 OK
r-oldrel-macos-x86_64 1.1.1 OK
r-oldrel-windows-ix86+x86_64 1.1.1 36.00 137.00 173.00 OK

Check Details

Version: 1.1.1
Check: Rd cross-references
Result: NOTE
    Undeclared package ‘purrr’ in Rd xrefs
Flavor: r-devel-linux-x86_64-fedora-clang