CRAN Package Check Results for Package provSummarizeR

Last updated on 2020-08-04 03:48:00 CEST.

Flavor Version Tinstall Tcheck Ttotal Status Flags
r-devel-linux-x86_64-debian-clang 1.4.2 1.94 25.11 27.05 NOTE
r-devel-linux-x86_64-debian-gcc 1.4.2 1.62 19.51 21.13 NOTE
r-devel-linux-x86_64-fedora-clang 1.4.2 42.36 NOTE
r-devel-linux-x86_64-fedora-gcc 1.4.2 39.96 NOTE
r-devel-windows-ix86+x86_64 1.4.2 10.00 35.00 45.00 NOTE
r-patched-linux-x86_64 1.4.2 2.15 24.64 26.79 NOTE
r-patched-solaris-x86 1.4.2 44.40 NOTE
r-release-linux-x86_64 1.4.2 2.02 24.98 27.00 NOTE
r-release-macos-x86_64 1.4.2 NOTE
r-release-windows-ix86+x86_64 1.4.2 9.00 52.00 61.00 NOTE
r-oldrel-macos-x86_64 1.4.2 NOTE
r-oldrel-windows-ix86+x86_64 1.4.2 3.00 36.00 39.00 NOTE

Check Details

Version: 1.4.2
Check: package dependencies
Result: NOTE
    Package suggested but not available for checking: 'rdt'
Flavors: r-devel-linux-x86_64-debian-clang, r-devel-linux-x86_64-debian-gcc, r-devel-linux-x86_64-fedora-clang, r-devel-linux-x86_64-fedora-gcc, r-devel-windows-ix86+x86_64, r-patched-linux-x86_64, r-patched-solaris-x86, r-release-linux-x86_64, r-release-macos-x86_64, r-release-windows-ix86+x86_64, r-oldrel-macos-x86_64, r-oldrel-windows-ix86+x86_64