CRAN Package Check Results for Package prozor

Last updated on 2020-02-20 02:48:33 CET.

Flavor Version Tinstall Tcheck Ttotal Status Flags
r-devel-linux-x86_64-debian-clang 0.2.11 10.16 418.94 429.10 NOTE
r-devel-linux-x86_64-debian-gcc 0.2.11 8.29 305.79 314.08 NOTE
r-devel-linux-x86_64-fedora-clang 0.2.11 502.90 NOTE
r-devel-linux-x86_64-fedora-gcc 0.2.11 464.22 NOTE
r-devel-windows-ix86+x86_64 0.2.11 18.00 367.00 385.00 NOTE
r-devel-windows-ix86+x86_64-gcc8 0.2.11 27.00 400.00 427.00 NOTE
r-patched-linux-x86_64 0.2.11 10.09 384.03 394.12 OK
r-patched-solaris-x86 0.2.11 786.80 NOTE
r-release-linux-x86_64 0.2.11 8.22 387.67 395.89 OK
r-release-windows-ix86+x86_64 0.2.11 16.00 389.00 405.00 NOTE
r-release-osx-x86_64 0.2.11 NOTE
r-oldrel-windows-ix86+x86_64 0.2.11 12.00 394.00 406.00 NOTE
r-oldrel-osx-x86_64 0.2.11 NOTE

Check Details

Version: 0.2.11
Check: package vignettes
Result: NOTE
    Package vignette with placeholder title 'Vignette Title':
     'TargetDecoyFDR_Example.Rmd'
Flavors: r-devel-linux-x86_64-debian-clang, r-devel-linux-x86_64-debian-gcc, r-devel-windows-ix86+x86_64, r-devel-windows-ix86+x86_64-gcc8

Version: 0.2.11
Check: installed package size
Result: NOTE
     installed size is 5.6Mb
     sub-directories of 1Mb or more:
     data 1.7Mb
     extdata 2.3Mb
Flavors: r-devel-linux-x86_64-fedora-clang, r-devel-windows-ix86+x86_64, r-devel-windows-ix86+x86_64-gcc8, r-patched-solaris-x86, r-release-windows-ix86+x86_64, r-release-osx-x86_64, r-oldrel-windows-ix86+x86_64, r-oldrel-osx-x86_64

Version: 0.2.11
Check: dependencies in R code
Result: NOTE
    Namespaces in Imports field not imported from:
     ‘dplyr’ ‘readr’
     All declared Imports should be used.
Flavors: r-devel-linux-x86_64-fedora-clang, r-devel-linux-x86_64-fedora-gcc, r-patched-solaris-x86, r-release-osx-x86_64, r-oldrel-osx-x86_64